{"id":148,"date":"2024-02-07T19:25:54","date_gmt":"2024-02-07T18:25:54","guid":{"rendered":"https:\/\/flevolution.eu\/cms\/?page_id=148"},"modified":"2025-02-28T13:18:32","modified_gmt":"2025-02-28T12:18:32","slug":"notre-equipe","status":"publish","type":"page","link":"https:\/\/flevolution.eu\/cms\/index.php\/notre-equipe\/","title":{"rendered":"Notre \u00e9quipe"},"content":{"rendered":"\n<p>Quatre femmes de lettres, unies par une \u00e9nergie commune, un esprit d&rsquo;entreprise, une volont\u00e9 de collaboration et une passion pour la litt\u00e9rature, portent le projet FLEvolution. Elles dirigent un consortium prestigieux comprenant l&rsquo;Universit\u00e9 de Gda\u0144sk en tant que leader, en partenariat avec l&rsquo;Universit\u00e9 d&rsquo;Innsbruck et la Maison des \u00e9crivains et de la litt\u00e9rature \u00e0 Paris.<br><\/p>\n\n\n\n<p>Projet 2023-1-PL01-KA220-HED-000155273 FLEvolution &#8211; XXI st Century Skills in French Languages Learning and Teaching on higheers levels through Contemporary French Literature<\/p>\n\n\n<div class=\"wp-block-image\">\n<figure class=\"aligncenter size-full\"><img loading=\"lazy\" decoding=\"async\" width=\"703\" height=\"527\" src=\"https:\/\/flevolution.eu\/cms\/wp-content\/uploads\/2024\/02\/ekipa-1.jpg\" alt=\"notre \u00e9quipe\" class=\"wp-image-159\" srcset=\"https:\/\/flevolution.eu\/cms\/wp-content\/uploads\/2024\/02\/ekipa-1.jpg 703w, https:\/\/flevolution.eu\/cms\/wp-content\/uploads\/2024\/02\/ekipa-1-300x225.jpg 300w\" sizes=\"auto, (max-width: 703px) 100vw, 703px\" \/><figcaption class=\"wp-element-caption\">source : archives priv\u00e9es<\/figcaption><\/figure>\n<\/div>\n\n\n<div class=\"wp-block-columns is-layout-flex wp-container-core-columns-is-layout-9d6595d7 wp-block-columns-is-layout-flex\">\n<div class=\"wp-block-column is-layout-flow wp-block-column-is-layout-flow\" style=\"flex-basis:66.66%\">\n<h3 class=\"wp-block-heading\">Katarzyna Kotowska<\/h3>\n\n\n\n<p><a href=\"mailto:katarzyna.kotowska@ug.edu.pl\">katarzyna.kotowska@ug.edu.pl<\/a><br><strong>directrice et coordinatrice principale<\/strong><\/p>\n\n\n\n<p>Enseignante-chercheuse et directrice de la Chaire de Litt\u00e9ratures Romanes \u00e0 l\u2019Universit\u00e9 de Gda\u0144sk, Katarzyna Kotowska voue une passion ind\u00e9fectible \u00e0 l\u2019art et aux lettres. Elle est l\u2019auteure de plusieurs articles sur la litt\u00e9rature contemporaine. En tant que b\u00e9n\u00e9ficiaire des Bourses France Excellence du gouvernement fran\u00e7ais, elle s\u2019engage depuis de nombreuses ann\u00e9es \u00e0 promouvoir la litt\u00e9rature fran\u00e7aise en Pologne, collaborant notamment avec l\u2019Institut Fran\u00e7ais en Pologne. Membre de l\u2019Observatoire des \u00e9critures contemporaines fran\u00e7aises et francophones, elle est l\u2019initiatrice et l\u2019\u00e2me motrice du projet Atelier litt\u00e9raire.Gda\u0144sk. De plus, elle assume avec d\u00e9vouement le r\u00f4le de directrice et coordinatrice principale du projet FLEvolution.<\/p>\n<\/div>\n\n\n\n<div class=\"wp-block-column is-layout-flow wp-block-column-is-layout-flow\" style=\"flex-basis:33.33%\"><div class=\"wp-block-image\">\n<figure class=\"aligncenter size-full is-resized\"><img loading=\"lazy\" decoding=\"async\" width=\"235\" height=\"353\" src=\"https:\/\/flevolution.eu\/cms\/wp-content\/uploads\/2024\/02\/kkotowska.jpg\" alt=\"Katarzyna Kotowska\" class=\"wp-image-161\" style=\"width:306px;height:auto\" srcset=\"https:\/\/flevolution.eu\/cms\/wp-content\/uploads\/2024\/02\/kkotowska.jpg 235w, https:\/\/flevolution.eu\/cms\/wp-content\/uploads\/2024\/02\/kkotowska-200x300.jpg 200w\" sizes=\"auto, (max-width: 235px) 100vw, 235px\" \/><figcaption class=\"wp-element-caption\">source : archives priv\u00e9es<\/figcaption><\/figure>\n<\/div><\/div>\n<\/div>\n\n\n\n<div class=\"wp-block-columns is-layout-flex wp-container-core-columns-is-layout-9d6595d7 wp-block-columns-is-layout-flex\">\n<div class=\"wp-block-column is-layout-flow wp-block-column-is-layout-flow\" style=\"flex-basis:66.66%\">\n<h3 class=\"wp-block-heading\">Jadwiga Bodzi\u0144ska-Bobkowska<\/h3>\n\n\n\n<p><a href=\"mailto:j.bodzinska@ug.edu.pl\">j.bodzinska@ug.edu.pl<\/a><br><strong>coordinatrice<\/strong><\/p>\n\n\n\n<p>Jadwiga Bodzi\u0144ska-Bobkowska (PhD), enseignante-chercheuse \u00e0 l\u2019Universit\u00e9 de Gda\u0144sk, sp\u00e9cialiste en litt\u00e9rature franco-polonaise du XX\u00e8me si\u00e8cle, traductrice et enseignante de FLE. Elle a suivi les cours de sp\u00e9cialisation didactique du programme&nbsp;<em>Masters of Didactics<\/em>&nbsp;(University College London \u2013 cours du premier degr\u00e9, 2020 ; University of Groningen \u2013 cours du deuxi\u00e8me degr\u00e9, 2021-2023). Elle est aussi tutrice acad\u00e9mique certifi\u00e9e (<em>Collegium Wratislaviense<\/em>, 2019). Pendant son temps libre, si elle ne lit pas, elle attrape les vagues ou se prom\u00e8ne dans la for\u00eat.<\/p>\n<\/div>\n\n\n\n<div class=\"wp-block-column is-layout-flow wp-block-column-is-layout-flow\" style=\"flex-basis:33.33%\"><div class=\"wp-block-image\">\n<figure class=\"aligncenter size-full is-resized\"><img loading=\"lazy\" decoding=\"async\" width=\"487\" height=\"656\" src=\"https:\/\/flevolution.eu\/cms\/wp-content\/uploads\/2024\/02\/jbodzinska.jpg\" alt=\"Jadwiga Bodzi\u0144ska-Bobkowska\" class=\"wp-image-160\" style=\"width:308px;height:auto\" srcset=\"https:\/\/flevolution.eu\/cms\/wp-content\/uploads\/2024\/02\/jbodzinska.jpg 487w, https:\/\/flevolution.eu\/cms\/wp-content\/uploads\/2024\/02\/jbodzinska-223x300.jpg 223w\" sizes=\"auto, (max-width: 487px) 100vw, 487px\" \/><figcaption class=\"wp-element-caption\">source : archives priv\u00e9es<\/figcaption><\/figure>\n<\/div><\/div>\n<\/div>\n\n\n\n<div class=\"wp-block-columns is-layout-flex wp-container-core-columns-is-layout-9d6595d7 wp-block-columns-is-layout-flex\">\n<div class=\"wp-block-column is-layout-flow wp-block-column-is-layout-flow\" style=\"flex-basis:66.66%\">\n<h3 class=\"wp-block-heading\">Doris Eibl<\/h3>\n\n\n\n<p><a href=\"mailto:doris.g.eibl@uibk.ac.at\">doris.g.eibl@uibk.ac.at<\/a><br><strong>coordinatrice<\/strong><\/p>\n\n\n\n<p>Doris G. Eibl a \u00e9tudi\u00e9 le fran\u00e7ais, l&rsquo;anglais et la philosophie \u00e0 l&rsquo;Universit\u00e9 d&rsquo;Innsbruck (Autriche) et \u00e0 l&rsquo;Universit\u00e9 de Montr\u00e9al. Elle est actuellement professeure associ\u00e9e au D\u00e9partement des langues et litt\u00e9ratures romanes de l&rsquo;Universit\u00e9 d&rsquo;Innsbruck o\u00f9 elle enseigne les litt\u00e9ratures fran\u00e7aises et francophones et l&rsquo;histoire culturelle. Elle a \u00e9t\u00e9 professeure invit\u00e9e \u00e0 l&rsquo;Universit\u00e9 d&rsquo;Oran (Alg\u00e9rie) en 2012, \u00e0 l&rsquo;Universit\u00e9 de la Nouvelle-Orl\u00e9ans (LA, USA) en 2017 et professeure invit\u00e9e du DAAD au Centre canadien d&rsquo;\u00e9tudes allemandes et europ\u00e9ennes de l&rsquo;Universit\u00e9 de Montr\u00e9al en 2018 (Qu\u00e9bec, CA).<\/p>\n\n\n\n<p>Ses recherches portent sur le roman qu\u00e9b\u00e9cois des XXe et XXIe si\u00e8cles et sur la litt\u00e9rature de l&rsquo; extr\u00eame contemporain en France. Dans ce contexte, elle s&rsquo;int\u00e9resse aux rapports entre histoire et fiction, politique et litt\u00e9rature, aux diff\u00e9rentes strat\u00e9gies m\u00e9morielles, aux questions de filiation et de traumatisme transg\u00e9n\u00e9rationnel, \u00e0 l&rsquo;identit\u00e9 et aux \u00e9tudes de genre. Elle a publi\u00e9 de nombreux articles, notamment sur les \u0153uvres de Suzanne Jacob, Nicole Brossard, Ying Chen, R\u00e9gine Robin, Anne H\u00e9bert, Catherine Mavrikakis, Julien Gracq, Laurent Mauvignier et Annie Ernaux, et a contribu\u00e9 plusieurs chapitres \u00e0 l&rsquo;ouvrage Metzler Kanadische Literaturgeschichte \u00e9dit\u00e9 par Konrad Gross, Wolfgang Kloo\u00df et Reingard M. Nischik (\u00e9dition anglaise publi\u00e9e en 2008 par Camden House, Rochester, NY). De 2011 \u00e0 2022, elle a codirig\u00e9 (avec Katja Sarkowsky et Martin Thunert) la revue trilingue et interdisciplinaire Zeitschrift f\u00fcr Kanada-Studien (peer-reviewed). Depuis de nombreuses ann\u00e9es, elle participe activement aux centres de recherche \u00ab Gender Studies : Identities \u2013 Discourses&nbsp; \u2013 Transformations \u00bb et \u00ab Cultural Encouters &#8211; Cultural Conflicts \u00bb de l&rsquo;Universit\u00e9 d&rsquo;Innsbruck. Elle travaille actuellement sur un projet de livre consacr\u00e9 aux femmes \u00e9crivains et peintres \u00ab\u00a0surr\u00e9alistes\u00a0\u00bb (Leonora Carrington, Remedios Varo, Alice Rahon) qui ont \u00e9migr\u00e9 au Mexique pendant la Seconde Guerre mondiale. En janvier 2022, elle a \u00e9t\u00e9 nomm\u00e9e directrice du Centre d&rsquo;\u00e9tudes canadiennes de l&rsquo;Universit\u00e9 d&rsquo;Innsbruck.<\/p>\n\n\n\n<p>Publications r\u00e9centes : Les relations entre homme et animal dans les cultures, litt\u00e9ratures, et m\u00e9dias francophones (co\u00e9dit\u00e9 avec Christoph Vatter, 2020) et Zukunft\/Utopie (co\u00e9dit\u00e9 David Winkler-Ebner, 2020) ; Le L\u00e9gendaire dans les textes de filiation. Revue des Sciences Humaines 353, 1\/2024 (co\u00e9dit\u00e9 avec Aur\u00e9lie Barjonet).<\/p>\n\n\n\n<p><\/p>\n<\/div>\n\n\n\n<div class=\"wp-block-column is-layout-flow wp-block-column-is-layout-flow\" style=\"flex-basis:33.33%\"><div class=\"wp-block-image\">\n<figure class=\"aligncenter size-full\"><img loading=\"lazy\" decoding=\"async\" width=\"300\" height=\"454\" src=\"https:\/\/flevolution.eu\/cms\/wp-content\/uploads\/2024\/02\/doriseibel.jpg\" alt=\"Doris Eibel\" class=\"wp-image-158\" srcset=\"https:\/\/flevolution.eu\/cms\/wp-content\/uploads\/2024\/02\/doriseibel.jpg 300w, https:\/\/flevolution.eu\/cms\/wp-content\/uploads\/2024\/02\/doriseibel-198x300.jpg 198w\" sizes=\"auto, (max-width: 300px) 100vw, 300px\" \/><figcaption class=\"wp-element-caption\">source : archives priv\u00e9es<\/figcaption><\/figure>\n<\/div><\/div>\n<\/div>\n\n\n\n<div class=\"wp-block-columns is-layout-flex wp-container-core-columns-is-layout-9d6595d7 wp-block-columns-is-layout-flex\">\n<div class=\"wp-block-column is-layout-flow wp-block-column-is-layout-flow\" style=\"flex-basis:66.66%\">\n<h3 class=\"wp-block-heading\">Sylvie Gouttebaron<\/h3>\n\n\n\n<p><a href=\"mailto:s.gouttebaron@maison-des-ecrivains.asso.fr\">s.gouttebaron@maison-des-ecrivains.asso.fr<\/a><br><strong>coordinatrice<\/strong><\/p>\n\n\n\n<p>Form\u00e9e en litt\u00e9rature \u00e0 la Sorbonne o\u00f9 elle obtient un DEA consacr\u00e9 \u00e0 l\u2019oeuvre de Jo\u00eb Bousquet, Sylvie Gouttebaron dirige la Maison des \u00e9crivains et de la litt\u00e9rature depuis octobre 2005. Elle a, auparavant, \u00e9t\u00e9 directrice du Festival du premier roman de Chamb\u00e9ry pendant 10 ans, et dirig\u00e9 le Centre r\u00e9gional des lettres de Basse Normandie. Un parcours dans l\u2019\u00e9ducation nationale et dans l\u2019\u00e9dition avaient \u00e9t\u00e9, auparavant, des ann\u00e9es de formation tr\u00e8s riches.<\/p>\n\n\n\n<p>Elle a r\u00e9alis\u00e9 des entretiens avec Hubert Reeves, Robert Bober et Pierre Dumayet pour l\u2019\u00e9mission phare de France Culture, <em>A voix nue<\/em>.<\/p>\n\n\n\n<p>Autrice, elle a publi\u00e9 en 2007 : <em>Bien Je reprends, <\/em>\u00e9ditions Comp\u2019Act (2005)&nbsp;: <em>Du Corps<\/em>, po\u00e8me narratif, collection <em>Ecrivins<\/em>, (dirig\u00e9e par Philippe Claudel), Stock, <em>Une \u00e2me qui, <\/em>\u00e9ditions Dumerchez, collection dirig\u00e9e par Hugo Horst. Prix H\u00e9likon (2004), <em>Comme en l\u2019image,<\/em> \u00e9ditions Dumerchez, (2000) po\u00e8me narratif consacr\u00e9 \u00e0&nbsp; Carlo Gesualdo, <em>Au-del\u00e0<\/em> et <em>Abymes<\/em>&nbsp;: po\u00e8mes parus dans les num\u00e9ro de la revue \u00ab&nbsp;Le nouveau Recueil&nbsp;\u00bb Printemps 2000 et Printemps 2002.<\/p>\n<\/div>\n\n\n\n<div class=\"wp-block-column is-layout-flow wp-block-column-is-layout-flow\" style=\"flex-basis:33.33%\"><div class=\"wp-block-image\">\n<figure class=\"aligncenter size-full is-resized\"><img loading=\"lazy\" decoding=\"async\" width=\"323\" height=\"323\" src=\"https:\/\/flevolution.eu\/cms\/wp-content\/uploads\/2024\/02\/sgouttebaron.jpg\" alt=\"Sylvie Gouttebaron\" class=\"wp-image-163\" style=\"width:313px;height:auto\" srcset=\"https:\/\/flevolution.eu\/cms\/wp-content\/uploads\/2024\/02\/sgouttebaron.jpg 323w, https:\/\/flevolution.eu\/cms\/wp-content\/uploads\/2024\/02\/sgouttebaron-300x300.jpg 300w, https:\/\/flevolution.eu\/cms\/wp-content\/uploads\/2024\/02\/sgouttebaron-150x150.jpg 150w\" sizes=\"auto, (max-width: 323px) 100vw, 323px\" \/><figcaption class=\"wp-element-caption\">source : archives priv\u00e9es<\/figcaption><\/figure>\n<\/div><\/div>\n<\/div>\n\n\n\n\n<div class=\"ngg-galleryoverview ngg-slideshow\"\n\tid=\"ngg-slideshow-fcaa8c01b2dda1324b2b26821e7fa652-9950633050\"\n\tdata-gallery-id=\"fcaa8c01b2dda1324b2b26821e7fa652\"\n\tstyle=\"max-width: 750px;\n\t\t\tmax-height: 500px;\n\t\t\tdisplay: none;\">\n\n\t\n\t\t<a href=\"https:\/\/flevolution.eu\/cms\/wp-content\/gallery\/koordynatorki\/koordynatorki1.png\"\n\t\t\ttitle=\"\"\n\t\t\tdata-src=\"https:\/\/flevolution.eu\/cms\/wp-content\/gallery\/koordynatorki\/koordynatorki1.png\"\n\t\t\tdata-thumbnail=\"https:\/\/flevolution.eu\/cms\/wp-content\/gallery\/koordynatorki\/thumbs\/thumbs-koordynatorki1.png\"\n\t\t\tdata-image-id=\"122\"\n\t\t\tdata-title=\"koordynatorki - 1\"\n\t\t\tdata-description=\"\"\n\t\t\tclass=\"ngg-simplelightbox\" rel=\"fcaa8c01b2dda1324b2b26821e7fa652\">\n\n\t\t\t<img data-image-id='122'\n\t\t\t\ttitle=\"\"\n\t\t\t\talt=\"koordynatorki - 1\"\n\t\t\t\tsrc=\"https:\/\/flevolution.eu\/cms\/wp-content\/gallery\/koordynatorki\/koordynatorki1.png\"\n\t\t\t\tstyle=\"max-height: 480px;\"\/>\n\t\t<\/a>\n\n\t\t\n\t\t<a href=\"https:\/\/flevolution.eu\/cms\/wp-content\/gallery\/koordynatorki\/koordynatorki2.png\"\n\t\t\ttitle=\"\"\n\t\t\tdata-src=\"https:\/\/flevolution.eu\/cms\/wp-content\/gallery\/koordynatorki\/koordynatorki2.png\"\n\t\t\tdata-thumbnail=\"https:\/\/flevolution.eu\/cms\/wp-content\/gallery\/koordynatorki\/thumbs\/thumbs-koordynatorki2.png\"\n\t\t\tdata-image-id=\"123\"\n\t\t\tdata-title=\"koordynatorki - 2\"\n\t\t\tdata-description=\"\"\n\t\t\tclass=\"ngg-simplelightbox\" rel=\"fcaa8c01b2dda1324b2b26821e7fa652\">\n\n\t\t\t<img data-image-id='123'\n\t\t\t\ttitle=\"\"\n\t\t\t\talt=\"koordynatorki - 2\"\n\t\t\t\tsrc=\"https:\/\/flevolution.eu\/cms\/wp-content\/gallery\/koordynatorki\/koordynatorki2.png\"\n\t\t\t\tstyle=\"max-height: 480px;\"\/>\n\t\t<\/a>\n\n\t\t\n\t\t<a href=\"https:\/\/flevolution.eu\/cms\/wp-content\/gallery\/koordynatorki\/koordynatorki3.png\"\n\t\t\ttitle=\"\"\n\t\t\tdata-src=\"https:\/\/flevolution.eu\/cms\/wp-content\/gallery\/koordynatorki\/koordynatorki3.png\"\n\t\t\tdata-thumbnail=\"https:\/\/flevolution.eu\/cms\/wp-content\/gallery\/koordynatorki\/thumbs\/thumbs-koordynatorki3.png\"\n\t\t\tdata-image-id=\"124\"\n\t\t\tdata-title=\"koordynatorki - 3\"\n\t\t\tdata-description=\"\"\n\t\t\tclass=\"ngg-simplelightbox\" rel=\"fcaa8c01b2dda1324b2b26821e7fa652\">\n\n\t\t\t<img data-image-id='124'\n\t\t\t\ttitle=\"\"\n\t\t\t\talt=\"koordynatorki - 3\"\n\t\t\t\tsrc=\"https:\/\/flevolution.eu\/cms\/wp-content\/gallery\/koordynatorki\/koordynatorki3.png\"\n\t\t\t\tstyle=\"max-height: 480px;\"\/>\n\t\t<\/a>\n\n\t\t\n\t\t<a href=\"https:\/\/flevolution.eu\/cms\/wp-content\/gallery\/koordynatorki\/koordynatorki4.png\"\n\t\t\ttitle=\"\"\n\t\t\tdata-src=\"https:\/\/flevolution.eu\/cms\/wp-content\/gallery\/koordynatorki\/koordynatorki4.png\"\n\t\t\tdata-thumbnail=\"https:\/\/flevolution.eu\/cms\/wp-content\/gallery\/koordynatorki\/thumbs\/thumbs-koordynatorki4.png\"\n\t\t\tdata-image-id=\"125\"\n\t\t\tdata-title=\"koordynatorki - 4\"\n\t\t\tdata-description=\"\"\n\t\t\tclass=\"ngg-simplelightbox\" rel=\"fcaa8c01b2dda1324b2b26821e7fa652\">\n\n\t\t\t<img data-image-id='125'\n\t\t\t\ttitle=\"\"\n\t\t\t\talt=\"koordynatorki - 4\"\n\t\t\t\tsrc=\"https:\/\/flevolution.eu\/cms\/wp-content\/gallery\/koordynatorki\/koordynatorki4.png\"\n\t\t\t\tstyle=\"max-height: 480px;\"\/>\n\t\t<\/a>\n\n\t\t\n\t\t<a href=\"https:\/\/flevolution.eu\/cms\/wp-content\/gallery\/koordynatorki\/koordynatorki5.png\"\n\t\t\ttitle=\"\"\n\t\t\tdata-src=\"https:\/\/flevolution.eu\/cms\/wp-content\/gallery\/koordynatorki\/koordynatorki5.png\"\n\t\t\tdata-thumbnail=\"https:\/\/flevolution.eu\/cms\/wp-content\/gallery\/koordynatorki\/thumbs\/thumbs-koordynatorki5.png\"\n\t\t\tdata-image-id=\"126\"\n\t\t\tdata-title=\"koordynatorki - 5\"\n\t\t\tdata-description=\"\"\n\t\t\tclass=\"ngg-simplelightbox\" rel=\"fcaa8c01b2dda1324b2b26821e7fa652\">\n\n\t\t\t<img data-image-id='126'\n\t\t\t\ttitle=\"\"\n\t\t\t\talt=\"koordynatorki - 5\"\n\t\t\t\tsrc=\"https:\/\/flevolution.eu\/cms\/wp-content\/gallery\/koordynatorki\/koordynatorki5.png\"\n\t\t\t\tstyle=\"max-height: 480px;\"\/>\n\t\t<\/a>\n\n\t\t\n\t\t<a href=\"https:\/\/flevolution.eu\/cms\/wp-content\/gallery\/koordynatorki\/koordynatorki6.png\"\n\t\t\ttitle=\"\"\n\t\t\tdata-src=\"https:\/\/flevolution.eu\/cms\/wp-content\/gallery\/koordynatorki\/koordynatorki6.png\"\n\t\t\tdata-thumbnail=\"https:\/\/flevolution.eu\/cms\/wp-content\/gallery\/koordynatorki\/thumbs\/thumbs-koordynatorki6.png\"\n\t\t\tdata-image-id=\"127\"\n\t\t\tdata-title=\"koordynatorki - 6\"\n\t\t\tdata-description=\"\"\n\t\t\tclass=\"ngg-simplelightbox\" rel=\"fcaa8c01b2dda1324b2b26821e7fa652\">\n\n\t\t\t<img data-image-id='127'\n\t\t\t\ttitle=\"\"\n\t\t\t\talt=\"koordynatorki - 6\"\n\t\t\t\tsrc=\"https:\/\/flevolution.eu\/cms\/wp-content\/gallery\/koordynatorki\/koordynatorki6.png\"\n\t\t\t\tstyle=\"max-height: 480px;\"\/>\n\t\t<\/a>\n\n\t\t\n\t\t<a href=\"https:\/\/flevolution.eu\/cms\/wp-content\/gallery\/koordynatorki\/koordynatorki7.png\"\n\t\t\ttitle=\"\"\n\t\t\tdata-src=\"https:\/\/flevolution.eu\/cms\/wp-content\/gallery\/koordynatorki\/koordynatorki7.png\"\n\t\t\tdata-thumbnail=\"https:\/\/flevolution.eu\/cms\/wp-content\/gallery\/koordynatorki\/thumbs\/thumbs-koordynatorki7.png\"\n\t\t\tdata-image-id=\"128\"\n\t\t\tdata-title=\"koordynatorki - 7\"\n\t\t\tdata-description=\"\"\n\t\t\tclass=\"ngg-simplelightbox\" rel=\"fcaa8c01b2dda1324b2b26821e7fa652\">\n\n\t\t\t<img data-image-id='128'\n\t\t\t\ttitle=\"\"\n\t\t\t\talt=\"koordynatorki - 7\"\n\t\t\t\tsrc=\"https:\/\/flevolution.eu\/cms\/wp-content\/gallery\/koordynatorki\/koordynatorki7.png\"\n\t\t\t\tstyle=\"max-height: 480px;\"\/>\n\t\t<\/a>\n\n\t\t\n\t\t<a href=\"https:\/\/flevolution.eu\/cms\/wp-content\/gallery\/koordynatorki\/koordynatorki8.png\"\n\t\t\ttitle=\"\"\n\t\t\tdata-src=\"https:\/\/flevolution.eu\/cms\/wp-content\/gallery\/koordynatorki\/koordynatorki8.png\"\n\t\t\tdata-thumbnail=\"https:\/\/flevolution.eu\/cms\/wp-content\/gallery\/koordynatorki\/thumbs\/thumbs-koordynatorki8.png\"\n\t\t\tdata-image-id=\"129\"\n\t\t\tdata-title=\"koordynatorki - 8\"\n\t\t\tdata-description=\"\"\n\t\t\tclass=\"ngg-simplelightbox\" rel=\"fcaa8c01b2dda1324b2b26821e7fa652\">\n\n\t\t\t<img data-image-id='129'\n\t\t\t\ttitle=\"\"\n\t\t\t\talt=\"koordynatorki - 8\"\n\t\t\t\tsrc=\"https:\/\/flevolution.eu\/cms\/wp-content\/gallery\/koordynatorki\/koordynatorki8.png\"\n\t\t\t\tstyle=\"max-height: 480px;\"\/>\n\t\t<\/a>\n\n\t\t\n\t\t<a href=\"https:\/\/flevolution.eu\/cms\/wp-content\/gallery\/koordynatorki\/koordynatorki9.png\"\n\t\t\ttitle=\"\"\n\t\t\tdata-src=\"https:\/\/flevolution.eu\/cms\/wp-content\/gallery\/koordynatorki\/koordynatorki9.png\"\n\t\t\tdata-thumbnail=\"https:\/\/flevolution.eu\/cms\/wp-content\/gallery\/koordynatorki\/thumbs\/thumbs-koordynatorki9.png\"\n\t\t\tdata-image-id=\"130\"\n\t\t\tdata-title=\"koordynatorki - 9\"\n\t\t\tdata-description=\"\"\n\t\t\tclass=\"ngg-simplelightbox\" rel=\"fcaa8c01b2dda1324b2b26821e7fa652\">\n\n\t\t\t<img data-image-id='130'\n\t\t\t\ttitle=\"\"\n\t\t\t\talt=\"koordynatorki - 9\"\n\t\t\t\tsrc=\"https:\/\/flevolution.eu\/cms\/wp-content\/gallery\/koordynatorki\/koordynatorki9.png\"\n\t\t\t\tstyle=\"max-height: 480px;\"\/>\n\t\t<\/a>\n\n\t\t<\/div>\n\n\n\n\n\n\n<div class=\"wp-block-columns is-layout-flex wp-container-core-columns-is-layout-9d6595d7 wp-block-columns-is-layout-flex\">\n<div class=\"wp-block-column is-layout-flow wp-block-column-is-layout-flow\" style=\"flex-basis:20%\"><\/div>\n\n\n\n<div class=\"wp-block-column is-layout-flow wp-block-column-is-layout-flow\" style=\"flex-basis:60%\">\n<figure class=\"wp-block-embed is-type-video is-provider-youtube wp-block-embed-youtube wp-embed-aspect-16-9 wp-has-aspect-ratio\"><div class=\"wp-block-embed__wrapper\">\n<iframe loading=\"lazy\" title=\"FLEvolution 2024, photo commune des partcipantes et participants, le 10 mai 2024\" width=\"720\" height=\"405\" src=\"https:\/\/www.youtube.com\/embed\/ov7Pbn9EPEY?feature=oembed\" frameborder=\"0\" allow=\"accelerometer; autoplay; clipboard-write; encrypted-media; gyroscope; picture-in-picture; web-share\" referrerpolicy=\"strict-origin-when-cross-origin\" allowfullscreen><\/iframe>\n<\/div><\/figure>\n<\/div>\n\n\n\n<div class=\"wp-block-column is-layout-flow wp-block-column-is-layout-flow\" style=\"flex-basis:20%\"><\/div>\n<\/div>\n","protected":false},"excerpt":{"rendered":"<p>Quatre femmes de lettres, unies par une \u00e9nergie commune, un esprit d&rsquo;entreprise, une volont\u00e9 de collaboration et une passion pour la litt\u00e9rature, portent le projet FLEvolution. Elles dirigent un consortium prestigieux comprenant l&rsquo;Universit\u00e9 de Gda\u0144sk en tant que leader, en partenariat avec l&rsquo;Universit\u00e9 d&rsquo;Innsbruck et la Maison des \u00e9crivains et de la litt\u00e9rature \u00e0 Paris&#8230;.<\/p>\n","protected":false},"author":2,"featured_media":0,"parent":0,"menu_order":0,"comment_status":"closed","ping_status":"closed","template":"","meta":{"ngg_post_thumbnail":0,"_kad_post_transparent":"","_kad_post_title":"","_kad_post_layout":"","_kad_post_sidebar_id":"","_kad_post_content_style":"","_kad_post_vertical_padding":"","_kad_post_feature":"","_kad_post_feature_position":"","_kad_post_header":false,"_kad_post_footer":false,"footnotes":""},"class_list":["post-148","page","type-page","status-publish","hentry"],"_links":{"self":[{"href":"https:\/\/flevolution.eu\/cms\/index.php\/wp-json\/wp\/v2\/pages\/148","targetHints":{"allow":["GET"]}}],"collection":[{"href":"https:\/\/flevolution.eu\/cms\/index.php\/wp-json\/wp\/v2\/pages"}],"about":[{"href":"https:\/\/flevolution.eu\/cms\/index.php\/wp-json\/wp\/v2\/types\/page"}],"author":[{"embeddable":true,"href":"https:\/\/flevolution.eu\/cms\/index.php\/wp-json\/wp\/v2\/users\/2"}],"replies":[{"embeddable":true,"href":"https:\/\/flevolution.eu\/cms\/index.php\/wp-json\/wp\/v2\/comments?post=148"}],"version-history":[{"count":20,"href":"https:\/\/flevolution.eu\/cms\/index.php\/wp-json\/wp\/v2\/pages\/148\/revisions"}],"predecessor-version":[{"id":1065,"href":"https:\/\/flevolution.eu\/cms\/index.php\/wp-json\/wp\/v2\/pages\/148\/revisions\/1065"}],"wp:attachment":[{"href":"https:\/\/flevolution.eu\/cms\/index.php\/wp-json\/wp\/v2\/media?parent=148"}],"curies":[{"name":"wp","href":"https:\/\/api.w.org\/{rel}","templated":true}]}}