{"id":284,"date":"2024-02-18T21:14:42","date_gmt":"2024-02-18T20:14:42","guid":{"rendered":"https:\/\/flevolution.eu\/cms\/?page_id=284"},"modified":"2025-02-22T21:27:43","modified_gmt":"2025-02-22T20:27:43","slug":"sur-le-projet","status":"publish","type":"page","link":"https:\/\/flevolution.eu\/cms\/index.php\/sur-le-projet\/","title":{"rendered":"Sur le projet"},"content":{"rendered":"\n<div class=\"wp-block-columns is-layout-flex wp-container-core-columns-is-layout-9d6595d7 wp-block-columns-is-layout-flex\">\n<div class=\"wp-block-column is-layout-flow wp-block-column-is-layout-flow\" style=\"flex-basis:80%\">\n<p><strong>FLEvolution est un projet europ\u00e9en Erasmus+, issu de la collaboration passionn\u00e9e d\u2019amateurs de litt\u00e9rature fran\u00e7aise contemporaine \u00e0 l\u2019\u00e9chelle internationale, notamment de l\u2019Universit\u00e9 de Gda\u0144sk, de l\u2019Universit\u00e9 d\u2019Innsbruck, et de la Maison des \u00c9crivains et de la Litt\u00e9rature \u00e0 Paris.<\/strong><\/p>\n\n\n\n<p>La r\u00e9alisation du projet est pr\u00e9vue pour les ann\u00e9es 2023-2026.<\/p>\n\n\n\n<p>\u00c0 travers trois \u00e9ditions successives, jusqu\u2019en 2026, le projet offrira au total environ 60 extraits de prose fran\u00e7aise contemporaine ainsi que pr\u00e8s de 600 nouvelles activit\u00e9s linguistiques au niveau B1-C2 (comprenant des exercices lexicaux et grammaticaux, des photos, des podcasts, des vid\u00e9os et divers autres outils, le tout cr\u00e9\u00e9 par des \u00e9tudiants en collaboration avec des experts \u00e9ducatifs).<\/p>\n\n\n\n<p>Au sein du projet FLEvolution, nous pensons avec enthousiasme que l\u2019exploration de la litt\u00e9rature contemporaine \u00e9largit la conscience culturelle, encourage une ouverture accrue \u00e0 la diversit\u00e9, et consolide de mani\u00e8re ludique les comp\u00e9tences linguistiques au moyen d\u2019exercices interactifs.<\/p>\n\n\n\n<p><\/p>\n<\/div>\n\n\n\n<div class=\"wp-block-column is-layout-flow wp-block-column-is-layout-flow\" style=\"flex-basis:20%\"><div class=\"wp-block-image\">\n<figure class=\"alignright size-full is-resized\"><img loading=\"lazy\" decoding=\"async\" width=\"524\" height=\"551\" src=\"https:\/\/flevolution.eu\/cms\/wp-content\/uploads\/2024\/03\/logo_UE03.jpg\" alt=\"logo EU\" class=\"wp-image-452\" style=\"width:235px;height:auto\" srcset=\"https:\/\/flevolution.eu\/cms\/wp-content\/uploads\/2024\/03\/logo_UE03.jpg 524w, https:\/\/flevolution.eu\/cms\/wp-content\/uploads\/2024\/03\/logo_UE03-285x300.jpg 285w\" sizes=\"auto, (max-width: 524px) 100vw, 524px\" \/><\/figure>\n<\/div><\/div>\n<\/div>\n\n\n\n<p>FLEvolution ne se contente pas d\u2019impliquer les \u00e9tudiants dans la conception cr\u00e9ative d\u2019exercices linguistiques mais \u00e9rige \u00e9galement un v\u00e9ritable socle communautaire, instillant ainsi un pr\u00e9cieux sentiment d\u2019appartenance.<\/p>\n\n\n<div class=\"wp-block-image\">\n<figure class=\"aligncenter size-full\"><img loading=\"lazy\" decoding=\"async\" width=\"2560\" height=\"1440\" src=\"https:\/\/flevolution.eu\/cms\/wp-content\/uploads\/2024\/09\/Sequence-01.00_03_19_14.Still003-scaled.jpg\" alt=\"photo de groupe\" class=\"wp-image-674\" srcset=\"https:\/\/flevolution.eu\/cms\/wp-content\/uploads\/2024\/09\/Sequence-01.00_03_19_14.Still003-scaled.jpg 2560w, https:\/\/flevolution.eu\/cms\/wp-content\/uploads\/2024\/09\/Sequence-01.00_03_19_14.Still003-300x169.jpg 300w, https:\/\/flevolution.eu\/cms\/wp-content\/uploads\/2024\/09\/Sequence-01.00_03_19_14.Still003-1024x576.jpg 1024w, https:\/\/flevolution.eu\/cms\/wp-content\/uploads\/2024\/09\/Sequence-01.00_03_19_14.Still003-768x432.jpg 768w, https:\/\/flevolution.eu\/cms\/wp-content\/uploads\/2024\/09\/Sequence-01.00_03_19_14.Still003-1536x864.jpg 1536w, https:\/\/flevolution.eu\/cms\/wp-content\/uploads\/2024\/09\/Sequence-01.00_03_19_14.Still003-2048x1152.jpg 2048w\" sizes=\"auto, (max-width: 2560px) 100vw, 2560px\" \/><\/figure>\n<\/div>\n\n\n<p>FLEvolution \u2013 XXI st Century Skills in French Languages Learning and Teaching on higheers levels through Contemporary French Literature<br><em>Projet 2023-1-PL01-KA220-HED-000155273<\/em><\/p>\n","protected":false},"excerpt":{"rendered":"<p>FLEvolution est un projet europ\u00e9en Erasmus+, issu de la collaboration passionn\u00e9e d\u2019amateurs de litt\u00e9rature fran\u00e7aise contemporaine \u00e0 l\u2019\u00e9chelle internationale, notamment de l\u2019Universit\u00e9 de Gda\u0144sk, de l\u2019Universit\u00e9 d\u2019Innsbruck, et de la Maison des \u00c9crivains et de la Litt\u00e9rature \u00e0 Paris. La r\u00e9alisation du projet est pr\u00e9vue pour les ann\u00e9es 2023-2026. \u00c0 travers trois \u00e9ditions successives, jusqu\u2019en&#8230;<\/p>\n","protected":false},"author":2,"featured_media":0,"parent":0,"menu_order":0,"comment_status":"closed","ping_status":"closed","template":"","meta":{"ngg_post_thumbnail":0,"_kad_post_transparent":"","_kad_post_title":"","_kad_post_layout":"","_kad_post_sidebar_id":"","_kad_post_content_style":"","_kad_post_vertical_padding":"","_kad_post_feature":"","_kad_post_feature_position":"","_kad_post_header":false,"_kad_post_footer":false,"footnotes":""},"class_list":["post-284","page","type-page","status-publish","hentry"],"_links":{"self":[{"href":"https:\/\/flevolution.eu\/cms\/index.php\/wp-json\/wp\/v2\/pages\/284","targetHints":{"allow":["GET"]}}],"collection":[{"href":"https:\/\/flevolution.eu\/cms\/index.php\/wp-json\/wp\/v2\/pages"}],"about":[{"href":"https:\/\/flevolution.eu\/cms\/index.php\/wp-json\/wp\/v2\/types\/page"}],"author":[{"embeddable":true,"href":"https:\/\/flevolution.eu\/cms\/index.php\/wp-json\/wp\/v2\/users\/2"}],"replies":[{"embeddable":true,"href":"https:\/\/flevolution.eu\/cms\/index.php\/wp-json\/wp\/v2\/comments?post=284"}],"version-history":[{"count":10,"href":"https:\/\/flevolution.eu\/cms\/index.php\/wp-json\/wp\/v2\/pages\/284\/revisions"}],"predecessor-version":[{"id":966,"href":"https:\/\/flevolution.eu\/cms\/index.php\/wp-json\/wp\/v2\/pages\/284\/revisions\/966"}],"wp:attachment":[{"href":"https:\/\/flevolution.eu\/cms\/index.php\/wp-json\/wp\/v2\/media?parent=284"}],"curies":[{"name":"wp","href":"https:\/\/api.w.org\/{rel}","templated":true}]}}

<div class="wp-block-columns is-layout-flex wp-container-core-columns-is-layout-9d6595d7 wp-block-columns-is-layout-flex">
<div class="wp-block-column is-layout-flow wp-block-column-is-layout-flow" style="flex-basis:80%">
<p><strong>FLEvolution est un projet européen Erasmus+, issu de la collaboration passionnée d’amateurs de littérature française contemporaine à l’échelle internationale, notamment de l’Université de Gdańsk, de l’Université d’Innsbruck, et de la Maison des Écrivains et de la Littérature à Paris.</strong></p>



<p>La réalisation du projet est prévue pour les années 2023-2026.</p>



<p>À travers trois éditions successives, jusqu’en 2026, le projet offrira au total environ 60 extraits de prose française contemporaine ainsi que près de 600 nouvelles activités linguistiques au niveau B1-C2 (comprenant des exercices lexicaux et grammaticaux, des photos, des podcasts, des vidéos et divers autres outils, le tout créé par des étudiants en collaboration avec des experts éducatifs).</p>



<p>Au sein du projet FLEvolution, nous pensons avec enthousiasme que l’exploration de la littérature contemporaine élargit la conscience culturelle, encourage une ouverture accrue à la diversité, et consolide de manière ludique les compétences linguistiques au moyen d’exercices interactifs.</p>



<p></p>
</div>



<div class="wp-block-column is-layout-flow wp-block-column-is-layout-flow" style="flex-basis:20%"><div class="wp-block-image">
<figure class="alignright size-full is-resized"><img loading="lazy" decoding="async" width="524" height="551" src="https://flevolution.eu/cms/wp-content/uploads/2024/03/logo_UE03.jpg" alt="logo EU" class="wp-image-452" style="width:235px;height:auto" srcset="https://flevolution.eu/cms/wp-content/uploads/2024/03/logo_UE03.jpg 524w, https://flevolution.eu/cms/wp-content/uploads/2024/03/logo_UE03-285x300.jpg 285w" sizes="auto, (max-width: 524px) 100vw, 524px" /></figure>
</div></div>
</div>



<p>FLEvolution ne se contente pas d’impliquer les étudiants dans la conception créative d’exercices linguistiques mais érige également un véritable socle communautaire, instillant ainsi un précieux sentiment d’appartenance.</p>


<div class="wp-block-image">
<figure class="aligncenter size-full"><img loading="lazy" decoding="async" width="2560" height="1440" src="https://flevolution.eu/cms/wp-content/uploads/2024/09/Sequence-01.00_03_19_14.Still003-scaled.jpg" alt="photo de groupe" class="wp-image-674" srcset="https://flevolution.eu/cms/wp-content/uploads/2024/09/Sequence-01.00_03_19_14.Still003-scaled.jpg 2560w, https://flevolution.eu/cms/wp-content/uploads/2024/09/Sequence-01.00_03_19_14.Still003-300x169.jpg 300w, https://flevolution.eu/cms/wp-content/uploads/2024/09/Sequence-01.00_03_19_14.Still003-1024x576.jpg 1024w, https://flevolution.eu/cms/wp-content/uploads/2024/09/Sequence-01.00_03_19_14.Still003-768x432.jpg 768w, https://flevolution.eu/cms/wp-content/uploads/2024/09/Sequence-01.00_03_19_14.Still003-1536x864.jpg 1536w, https://flevolution.eu/cms/wp-content/uploads/2024/09/Sequence-01.00_03_19_14.Still003-2048x1152.jpg 2048w" sizes="auto, (max-width: 2560px) 100vw, 2560px" /></figure>
</div>


<p>FLEvolution – XXI st Century Skills in French Languages Learning and Teaching on higheers levels through Contemporary French Literature<br><em>Projet 2023-1-PL01-KA220-HED-000155273</em></p>

<p>FLEvolution est un projet européen Erasmus+, issu de la collaboration passionnée d’amateurs de littérature française contemporaine à l’échelle internationale, notamment de l’Université de Gdańsk, de l’Université d’Innsbruck, et de la Maison des Écrivains et de la Littérature à Paris. La réalisation du projet est prévue pour les années 2023-2026. À travers trois éditions successives, jusqu’en&#8230;</p>
