{"id":688,"date":"2024-09-29T14:05:46","date_gmt":"2024-09-29T12:05:46","guid":{"rendered":"https:\/\/flevolution.eu\/cms\/?page_id=688"},"modified":"2025-03-12T11:35:25","modified_gmt":"2025-03-12T10:35:25","slug":"edition-2025","status":"publish","type":"page","link":"https:\/\/flevolution.eu\/cms\/index.php\/edition-2025\/","title":{"rendered":"\u00c9dition 2025"},"content":{"rendered":"\n<div class=\"wp-block-columns is-layout-flex wp-container-core-columns-is-layout-9d6595d7 wp-block-columns-is-layout-flex\">\n<div class=\"wp-block-column is-layout-flow wp-block-column-is-layout-flow\" style=\"flex-basis:33.33%\">\n<figure class=\"wp-block-image size-large\"><img loading=\"lazy\" decoding=\"async\" width=\"1024\" height=\"1024\" src=\"https:\/\/flevolution.eu\/cms\/wp-content\/uploads\/2024\/11\/BrigitteGiraud01-1024x1024.png\" alt=\"\" class=\"wp-image-853\" srcset=\"https:\/\/flevolution.eu\/cms\/wp-content\/uploads\/2024\/11\/BrigitteGiraud01-1024x1024.png 1024w, https:\/\/flevolution.eu\/cms\/wp-content\/uploads\/2024\/11\/BrigitteGiraud01-300x300.png 300w, https:\/\/flevolution.eu\/cms\/wp-content\/uploads\/2024\/11\/BrigitteGiraud01-150x150.png 150w, https:\/\/flevolution.eu\/cms\/wp-content\/uploads\/2024\/11\/BrigitteGiraud01-768x768.png 768w, https:\/\/flevolution.eu\/cms\/wp-content\/uploads\/2024\/11\/BrigitteGiraud01.png 1080w\" sizes=\"auto, (max-width: 1024px) 100vw, 1024px\" \/><\/figure>\n<\/div>\n\n\n\n<div class=\"wp-block-column is-layout-flow wp-block-column-is-layout-flow\" style=\"flex-basis:66.66%\">\n<p><strong>Brigitte Giraud<\/strong> <br><br>Brigitte Giraud, n\u00e9e en 1960 en Alg\u00e9rie et ayant grandi dans la banlieue lyonnaise, a d&rsquo;abord orient\u00e9 ses \u00e9tudes vers l&rsquo;anglais et l&rsquo;allemand avant d&rsquo;entamer une carri\u00e8re en tant que traductrice dans l&rsquo;industrie. Elle a par la suite exerc\u00e9 des fonctions vari\u00e9es, devenant libraire, journaliste, critique litt\u00e9raire et programmatrice de festivals. En 1997, elle publie son premier roman, <em>La Chambre des parents<\/em>, chez Fayard, qui se voit r\u00e9compens\u00e9 par le prix des \u00e9tudiants. Elle poursuit sa carri\u00e8re avec d&rsquo;autres romans et r\u00e9cits chez Stock, ainsi que de nombreuses nouvelles publi\u00e9es dans divers p\u00e9riodiques. En 2007, elle re\u00e7oit le prix Goncourt de la nouvelle pour son recueil <em>L\u2019amour est tr\u00e8s surestim\u00e9<\/em>, suivi par le prix du jury Giono pour <em>Une ann\u00e9e \u00e9trang\u00e8re<\/em> en 2009.<\/p>\n\n\n\n<p>De 2010 \u00e0 2016, elle dirige la collection \u00ab La for\u00eat \u00bb aux \u00e9ditions Stock, o\u00f9 elle fait d\u00e9couvrir des auteurs tels que Fabio Viscogliosi et Dominique A. En 2014, elle est honor\u00e9e du titre d\u2019Officier de l\u2019ordre des Arts et des Lettres pour son apport \u00e0 la litt\u00e9rature.<\/p>\n\n\n\n<p>Le 3 novembre 2022, Brigitte Giraud est couronn\u00e9e du prix Goncourt pour son roman <em>Vivre vite<\/em> (Flammarion, 2022), devenant ainsi la treizi\u00e8me femme \u00e0 obtenir cette distinction depuis sa cr\u00e9ation en 1903. <em>Vivre vite<\/em> explore les \u00e9v\u00e9nements inattendus ayant men\u00e9 \u00e0 la mort de son mari, Claude Giraud, dans un tragique accident de moto en 1999, alors qu&rsquo;il n\u2019avait que 41 ans. \u00c0 travers une enqu\u00eate d\u00e9licate et soci\u00e9tale, \u00e9mane une profonde pudeur dans ses mots : \u00ab Je reviens sur la litanie des si qui m\u2019a obs\u00e9d\u00e9e pendant toutes ces ann\u00e9es et qui a fait de mon existence une r\u00e9alit\u00e9 au conditionnel pass\u00e9 \u00bb. Ce r\u00e9cit sobre, soigneusement \u00e9labor\u00e9, a n\u00e9cessit\u00e9 plus de vingt ans d\u2019\u00e9criture. Il fait \u00e9cho \u00e0 un r\u00e9cit pr\u00e9c\u00e9demment publi\u00e9 en 2001 chez Stock, <em>\u00c0 Pr\u00e9sent<\/em>, dans lequel elle \u00e9voquait les premiers jours de son deuil, une \u0153uvre qui lui valut une mention sp\u00e9ciale du prix Wepler.<\/p>\n\n\n\n<p>Ses livres, traduits dans une quinzaine de langues, continuent de toucher un large public. Son roman <em>Pas d\u2019inqui\u00e9tude<\/em> (2011) a \u00e9t\u00e9 adapt\u00e9 en t\u00e9l\u00e9film en 2014, sous la direction de Thierry Binisti, avec Isabelle Carr\u00e9 et Gr\u00e9gory Fitoussi dans les r\u00f4les principaux. De plus, <em>Nous serons des h\u00e9ros<\/em> (2015) a \u00e9t\u00e9 pr\u00e9sent\u00e9 lors d&rsquo;une lecture mise en sc\u00e8ne par le com\u00e9dien Hippolyte Girardot et le musicien Bastien Lallemant.<\/p>\n\n\n\n<p>(d&rsquo;apr\u00e8s Biblioth\u00e8que Nationnale de France)<\/p>\n<\/div>\n<\/div>\n\n\n\n<div class=\"wp-block-columns is-layout-flex wp-container-core-columns-is-layout-9d6595d7 wp-block-columns-is-layout-flex\">\n<div class=\"wp-block-column is-layout-flow wp-block-column-is-layout-flow\" style=\"flex-basis:10%\"><\/div>\n\n\n\n<div class=\"wp-block-column is-layout-flow wp-block-column-is-layout-flow\" style=\"flex-basis:40%\">\n<figure class=\"wp-block-image size-large is-resized\"><img loading=\"lazy\" decoding=\"async\" width=\"638\" height=\"1024\" src=\"https:\/\/flevolution.eu\/cms\/wp-content\/uploads\/2025\/03\/BrigitteGiraud01-638x1024.png\" alt=\"\" class=\"wp-image-1142\" style=\"width:393px;height:auto\" srcset=\"https:\/\/flevolution.eu\/cms\/wp-content\/uploads\/2025\/03\/BrigitteGiraud01-638x1024.png 638w, https:\/\/flevolution.eu\/cms\/wp-content\/uploads\/2025\/03\/BrigitteGiraud01-187x300.png 187w, https:\/\/flevolution.eu\/cms\/wp-content\/uploads\/2025\/03\/BrigitteGiraud01-768x1232.png 768w, https:\/\/flevolution.eu\/cms\/wp-content\/uploads\/2025\/03\/BrigitteGiraud01-958x1536.png 958w, https:\/\/flevolution.eu\/cms\/wp-content\/uploads\/2025\/03\/BrigitteGiraud01.png 1247w\" sizes=\"auto, (max-width: 638px) 100vw, 638px\" \/><\/figure>\n<\/div>\n\n\n\n<div class=\"wp-block-column is-layout-flow wp-block-column-is-layout-flow\" style=\"flex-basis:40%\">\n<figure class=\"wp-block-image size-large is-resized\"><img loading=\"lazy\" decoding=\"async\" width=\"810\" height=\"1024\" src=\"https:\/\/flevolution.eu\/cms\/wp-content\/uploads\/2025\/03\/BrigitteGiraud02-810x1024.png\" alt=\"\" class=\"wp-image-1144\" style=\"width:502px;height:auto\" srcset=\"https:\/\/flevolution.eu\/cms\/wp-content\/uploads\/2025\/03\/BrigitteGiraud02-810x1024.png 810w, https:\/\/flevolution.eu\/cms\/wp-content\/uploads\/2025\/03\/BrigitteGiraud02-237x300.png 237w, https:\/\/flevolution.eu\/cms\/wp-content\/uploads\/2025\/03\/BrigitteGiraud02-768x970.png 768w, https:\/\/flevolution.eu\/cms\/wp-content\/uploads\/2025\/03\/BrigitteGiraud02-1216x1536.png 1216w, https:\/\/flevolution.eu\/cms\/wp-content\/uploads\/2025\/03\/BrigitteGiraud02.png 1583w\" sizes=\"auto, (max-width: 810px) 100vw, 810px\" \/><\/figure>\n<\/div>\n\n\n\n<div class=\"wp-block-column is-layout-flow wp-block-column-is-layout-flow\" style=\"flex-basis:10%\"><\/div>\n<\/div>\n\n\n\n<h3 class=\"wp-block-heading\">Nos textes sources<\/h3>\n\n\n\n<div class=\"wp-block-columns is-layout-flex wp-container-core-columns-is-layout-9d6595d7 wp-block-columns-is-layout-flex\">\n<div class=\"wp-block-column is-layout-flow wp-block-column-is-layout-flow\" style=\"flex-basis:33.33%\">\n<figure class=\"wp-block-image size-full is-resized\"><img loading=\"lazy\" decoding=\"async\" width=\"500\" height=\"788\" src=\"https:\/\/flevolution.eu\/cms\/wp-content\/uploads\/2025\/03\/brigitte_lamour.png\" alt=\"\" class=\"wp-image-1108\" style=\"width:319px;height:auto\" srcset=\"https:\/\/flevolution.eu\/cms\/wp-content\/uploads\/2025\/03\/brigitte_lamour.png 500w, https:\/\/flevolution.eu\/cms\/wp-content\/uploads\/2025\/03\/brigitte_lamour-190x300.png 190w\" sizes=\"auto, (max-width: 500px) 100vw, 500px\" \/><\/figure>\n<\/div>\n\n\n\n<div class=\"wp-block-column is-layout-flow wp-block-column-is-layout-flow\" style=\"flex-basis:66.66%\">\n<p>d\u2019apr\u00e8s \u00c9ditions Stock:<br><a href=\"https:\/\/www.editions-stock.fr\/livre\/l-amour-est-tres-surestime-9782234059252\/\" rel=\"noreferrer noopener\" target=\"_blank\">https:\/\/www.editions-stock.fr\/livre\/l-amour-est-tres-surestime-9782234059252\/<\/a><br><\/p>\n\n\n\n<p>L&rsquo;amour est tr\u00e8s surestim\u00e9, 2007<br>Descriptif:<\/p>\n\n\n\n<p>Onze voix, onze personnages racontent la fin de l&rsquo;amour.<br><br>Comment tout cela est-il arriv\u00e9 ? Agacements, baisers distraits, affrontements, histoires rat\u00e9es avant d&rsquo;avoir commenc\u00e9, c&rsquo;est le couple mis \u00e0 nu, sans les artifices de la fiction. Le couple d\u00e9chir\u00e9 et meurtri, quand l&rsquo;autre n&rsquo;est plus d\u00e9sir\u00e9 ou qu&rsquo;il ne nous d\u00e9sire plus. Quand la conversation amoureuse fait place au monologue et aux reproches. On ne se supporte plus, on ne r\u00eave plus ensemble, on va se s\u00e9parer. On va parler aux enfants. Ou bien on pense rattraper le temps perdu et on se tait pour \u00e9viter le naufrage. La fin de l&rsquo;amour c&rsquo;est aussi la disparition de l&rsquo;\u00eatre aim\u00e9 \u00e0 qui l&rsquo;on parle seul dans le noir et sans lequel on ne sait plus o\u00f9 est sa place.<br><br>Ces histoires nous sont famili\u00e8res, nous y retrouvons nos petits arrangements, nos d\u00e9ceptions, notre violence aussi. C&rsquo;est la vie ordinaire des hommes et des femmes qui tentent, depuis des si\u00e8cles, l&rsquo;aventure de l&rsquo;amour.<\/p>\n<\/div>\n<\/div>\n\n\n\n<hr class=\"wp-block-separator has-alpha-channel-opacity\"\/>\n\n\n\n<p><\/p>\n\n\n\n<div class=\"wp-block-columns is-layout-flex wp-container-core-columns-is-layout-9d6595d7 wp-block-columns-is-layout-flex\">\n<div class=\"wp-block-column is-layout-flow wp-block-column-is-layout-flow\" style=\"flex-basis:33.33%\">\n<figure class=\"wp-block-image size-full is-resized\"><img loading=\"lazy\" decoding=\"async\" width=\"500\" height=\"788\" src=\"https:\/\/flevolution.eu\/cms\/wp-content\/uploads\/2025\/03\/brigitte_corps.png\" alt=\"\" class=\"wp-image-1111\" style=\"width:323px;height:auto\" srcset=\"https:\/\/flevolution.eu\/cms\/wp-content\/uploads\/2025\/03\/brigitte_corps.png 500w, https:\/\/flevolution.eu\/cms\/wp-content\/uploads\/2025\/03\/brigitte_corps-190x300.png 190w\" sizes=\"auto, (max-width: 500px) 100vw, 500px\" \/><\/figure>\n<\/div>\n\n\n\n<div class=\"wp-block-column is-layout-flow wp-block-column-is-layout-flow\" style=\"flex-basis:66.66%\">\n<p>d\u2019apr\u00e8s \u00c9ditions Stock:<br><a href=\"https:\/\/www.editions-stock.fr\/livre\/avoir-un-corps-9782234074804\/\" rel=\"noreferrer noopener\" target=\"_blank\">https:\/\/www.editions-stock.fr\/livre\/avoir-un-corps-9782234074804\/<\/a><br><\/p>\n\n\n\n<p><em>Avoir un corps,<\/em> 2013<br>Descriptif:<\/p>\n\n\n\n<p>&nbsp;\u00ab Des v\u00eatements \u00e0 peine \u00e9cart\u00e9s, des ventres et des reins maladroitement caress\u00e9s. Des intentions plus que des actes. On donne, on offre, on laisse \u00e0 l\u2019autre le soin de prendre, de saisir, de poss\u00e9der. Mais l\u2019autre est dans le trouble de la conqu\u00eate, avec le trop-plein de lumi\u00e8re qui \u00e9claire la chambre. Il est difficile d\u2019acc\u00e9der au secret en plein jour. Alors les yeux se ferment, les doigts s\u2019agrippent et les cuisses s\u2019extraient des pantalons. Il cherche, soul\u00e8ve, acc\u00e9l\u00e8re. Je veux bien, veux tout, ne r\u00e9siste pas. \u00bb<\/p>\n\n\n\n<p><em>Avoir un corps<\/em> est la trajectoire d\u2019une enfant qui devient fille, puis femme, racont\u00e9e du point de vue du corps, une travers\u00e9e de l\u2019existence, v\u00e9ritable aventure au quotidien o\u00f9 il est question d\u2019\u00e9ducation, de pudeur, de s\u00e9duction, d\u2019\u00e9quilibre, d\u2019amour, de sensualit\u00e9, de travail, de maternit\u00e9, d\u2019ivresse, de deuil et de m\u00e9tamorphoses. L\u2019\u00e9criture au r\u00e9alisme vibrant, sensible et souvent dr\u00f4le, interroge ce corps qui \u00e9chappe parfois, qui ravit ou qui trahit. Un roman qui rappelle que la t\u00eate et le corps entretiennent un dialogue des plus serr\u00e9s, des plus \u00e9nigmatiques.<\/p>\n<\/div>\n<\/div>\n\n\n\n<hr class=\"wp-block-separator has-alpha-channel-opacity\"\/>\n\n\n\n<div class=\"wp-block-columns is-layout-flex wp-container-core-columns-is-layout-9d6595d7 wp-block-columns-is-layout-flex\">\n<div class=\"wp-block-column is-layout-flow wp-block-column-is-layout-flow\" style=\"flex-basis:33.33%\">\n<figure class=\"wp-block-image size-full is-resized\"><img loading=\"lazy\" decoding=\"async\" width=\"500\" height=\"788\" src=\"https:\/\/flevolution.eu\/cms\/wp-content\/uploads\/2025\/03\/brigitte_vivre.jpg\" alt=\"\" class=\"wp-image-1117\" style=\"width:330px;height:auto\" srcset=\"https:\/\/flevolution.eu\/cms\/wp-content\/uploads\/2025\/03\/brigitte_vivre.jpg 500w, https:\/\/flevolution.eu\/cms\/wp-content\/uploads\/2025\/03\/brigitte_vivre-190x300.jpg 190w\" sizes=\"auto, (max-width: 500px) 100vw, 500px\" \/><\/figure>\n<\/div>\n\n\n\n<div class=\"wp-block-column is-layout-flow wp-block-column-is-layout-flow\" style=\"flex-basis:66.66%\">\n<p>d\u2019apr\u00e8s \u00c9ditions Flammarion :<br><a href=\"https:\/\/editions.flammarion.com\/vivre-vite\/9782080207340\" rel=\"noreferrer noopener\" target=\"_blank\">https:\/\/editions.flammarion.com\/vivre-vite\/9782080207340<\/a> &nbsp;&nbsp;&nbsp;&nbsp;&nbsp;&nbsp;&nbsp;&nbsp;&nbsp;&nbsp;&nbsp;&nbsp;&nbsp;&nbsp;&nbsp;&nbsp;&nbsp;&nbsp;&nbsp;&nbsp;&nbsp;&nbsp;&nbsp;&nbsp;&nbsp;&nbsp;&nbsp;&nbsp;&nbsp;&nbsp;<\/p>\n\n\n\n<p><em>Vivre vite,<\/em> 2022<br>Descriptif:<\/p>\n\n\n\n<p>\u00ab&nbsp;J\u2019ai \u00e9t\u00e9 aimant\u00e9e par cette double mission impossible. Acheter la maison et retrouver les armes cach\u00e9es. C\u2019\u00e9tait inesp\u00e9r\u00e9 et je n\u2019ai pas flair\u00e9 l\u2019engrenage qui allait faire basculer notre existence.<br>Parce que la maison est au coeur de ce qui a provoqu\u00e9 l\u2019accident.&nbsp;\u00bb<br><br>En un r\u00e9cit tendu qui agit comme un v\u00e9ritable compte \u00e0 rebours, Brigitte Giraud tente de comprendre ce qui a conduit \u00e0 l\u2019accident de moto qui a co\u00fbt\u00e9 la vie \u00e0 son mari le 22 juin 1999. Vingt ans apr\u00e8s, elle fait pour ainsi dire le tour du propri\u00e9taire et sonde une derni\u00e8re fois les questions rest\u00e9es sans r\u00e9ponse. Hasard, destin, co\u00efncidences&nbsp;? Elle revient sur ces journ\u00e9es qui s\u2019\u00e9taient emball\u00e9es en une suite de d\u00e9r\u00e8glements impr\u00e9visibles jusqu\u2019\u00e0 produire l\u2019in\u00e9luctable. \u00c0 ce point \u00e9lectris\u00e9 par la perspective du d\u00e9m\u00e9nagement, \u00e0 ce point press\u00e9 de commencer les travaux de r\u00e9novation, le couple en avait oubli\u00e9 que vivre \u00e9tait dangereux.<br>Brigitte Giraud m\u00e8ne l\u2019enqu\u00eate et met en sc\u00e8ne la vie de Claude, et la leur, miraculeusement ranim\u00e9es.<\/p>\n<\/div>\n<\/div>\n","protected":false},"excerpt":{"rendered":"<p>Brigitte Giraud Brigitte Giraud, n\u00e9e en 1960 en Alg\u00e9rie et ayant grandi dans la banlieue lyonnaise, a d&rsquo;abord orient\u00e9 ses \u00e9tudes vers l&rsquo;anglais et l&rsquo;allemand avant d&rsquo;entamer une carri\u00e8re en tant que traductrice dans l&rsquo;industrie. Elle a par la suite exerc\u00e9 des fonctions vari\u00e9es, devenant libraire, journaliste, critique litt\u00e9raire et programmatrice de festivals. En 1997,&#8230;<\/p>\n","protected":false},"author":2,"featured_media":0,"parent":0,"menu_order":0,"comment_status":"closed","ping_status":"closed","template":"","meta":{"ngg_post_thumbnail":0,"_kad_post_transparent":"","_kad_post_title":"","_kad_post_layout":"","_kad_post_sidebar_id":"","_kad_post_content_style":"","_kad_post_vertical_padding":"","_kad_post_feature":"","_kad_post_feature_position":"","_kad_post_header":false,"_kad_post_footer":false,"footnotes":""},"class_list":["post-688","page","type-page","status-publish","hentry"],"_links":{"self":[{"href":"https:\/\/flevolution.eu\/cms\/index.php\/wp-json\/wp\/v2\/pages\/688","targetHints":{"allow":["GET"]}}],"collection":[{"href":"https:\/\/flevolution.eu\/cms\/index.php\/wp-json\/wp\/v2\/pages"}],"about":[{"href":"https:\/\/flevolution.eu\/cms\/index.php\/wp-json\/wp\/v2\/types\/page"}],"author":[{"embeddable":true,"href":"https:\/\/flevolution.eu\/cms\/index.php\/wp-json\/wp\/v2\/users\/2"}],"replies":[{"embeddable":true,"href":"https:\/\/flevolution.eu\/cms\/index.php\/wp-json\/wp\/v2\/comments?post=688"}],"version-history":[{"count":15,"href":"https:\/\/flevolution.eu\/cms\/index.php\/wp-json\/wp\/v2\/pages\/688\/revisions"}],"predecessor-version":[{"id":1147,"href":"https:\/\/flevolution.eu\/cms\/index.php\/wp-json\/wp\/v2\/pages\/688\/revisions\/1147"}],"wp:attachment":[{"href":"https:\/\/flevolution.eu\/cms\/index.php\/wp-json\/wp\/v2\/media?parent=688"}],"curies":[{"name":"wp","href":"https:\/\/api.w.org\/{rel}","templated":true}]}}