{"id":893,"date":"2025-02-09T20:33:25","date_gmt":"2025-02-09T19:33:25","guid":{"rendered":"https:\/\/flevolution.eu\/cms\/?page_id=893"},"modified":"2025-02-19T18:18:55","modified_gmt":"2025-02-19T17:18:55","slug":"en-vert","status":"publish","type":"page","link":"https:\/\/flevolution.eu\/cms\/index.php\/en-vert\/","title":{"rendered":"En vert"},"content":{"rendered":"<div class=\"wp-block-image\">\n<figure class=\"aligncenter size-full is-resized\"><img loading=\"lazy\" decoding=\"async\" width=\"940\" height=\"788\" src=\"https:\/\/flevolution.eu\/cms\/wp-content\/uploads\/2025\/02\/EN-vert_main.png\" alt=\"\" class=\"wp-image-927\" style=\"width:579px;height:auto\" srcset=\"https:\/\/flevolution.eu\/cms\/wp-content\/uploads\/2025\/02\/EN-vert_main.png 940w, https:\/\/flevolution.eu\/cms\/wp-content\/uploads\/2025\/02\/EN-vert_main-300x251.png 300w, https:\/\/flevolution.eu\/cms\/wp-content\/uploads\/2025\/02\/EN-vert_main-768x644.png 768w\" sizes=\"auto, (max-width: 940px) 100vw, 940px\" \/><\/figure>\n<\/div>\n\n\n<p>L&rsquo;un des priorit\u00e9s de notre projet est la sensibilisation aux enjeux \u00e9cologiques et la promotion de gestes qui peuvent contribuer \u00e0 sauver notre plan\u00e8te. Un \u00e9l\u00e9ment essentiel de notre initiative sont les \u00e9co-formations destin\u00e9s \u00e0 nos participants. Sur notre site, vous trouverez des informations d\u00e9taill\u00e9es sur les sujets discut\u00e9s, ainsi que des quiz permettant d&rsquo;\u00e9valuer votre engagement en faveur de la protection de l\u2019environnement.<\/p>\n\n\n\n<p>Nous encourageons \u00e9galement les modes de transport respectueux de l&rsquo;environnement, comme le train ; de nombreux invit\u00e9s viennent \u00e0 Gdansk en train, m\u00eame en provenance de France et d\u2019Autriche. Nous tenons \u00e0 ce que tous nos gadgets et supports promotionnels soient fabriqu\u00e9s \u00e0 partir de mat\u00e9riaux recycl\u00e9s. Nous nous effor\u00e7ons de limiter nos impressions et \u00e9vitons d&rsquo;utiliser des assiettes et des couverts en plastique jetables lors des repas : nous privil\u00e9gions le verre (bouteilles r\u00e9utilisables) et le papier.<\/p>\n\n\n\n<p>Depuis 2025, nous avons \u00e9tabli un partenariat avec lepetitjournal.com\/Varsovie, o\u00f9 des \u00e9tudiants r\u00e9digent des articles abordant des th\u00e9matiques \u00e9cologiques, entre autres. Un autre projet, le Cahier vert, r\u00e9uni \u00e9cologie, litt\u00e9rature et FLE, est cr\u00e9\u00e9 par nos \u00e9tudiants. Nous vous invitons \u00e0 d\u00e9couvrir davantage d\u2019informations dans nos sections. Et n&rsquo;oublions pas : il n&rsquo;y a pas de plan\u00e8te B.<\/p>\n","protected":false},"excerpt":{"rendered":"<p>L&rsquo;un des priorit\u00e9s de notre projet est la sensibilisation aux enjeux \u00e9cologiques et la promotion de gestes qui peuvent contribuer \u00e0 sauver notre plan\u00e8te. Un \u00e9l\u00e9ment essentiel de notre initiative sont les \u00e9co-formations destin\u00e9s \u00e0 nos participants. Sur notre site, vous trouverez des informations d\u00e9taill\u00e9es sur les sujets discut\u00e9s, ainsi que des quiz permettant d&rsquo;\u00e9valuer&#8230;<\/p>\n","protected":false},"author":2,"featured_media":0,"parent":0,"menu_order":0,"comment_status":"closed","ping_status":"closed","template":"","meta":{"ngg_post_thumbnail":0,"_kad_post_transparent":"","_kad_post_title":"","_kad_post_layout":"","_kad_post_sidebar_id":"","_kad_post_content_style":"","_kad_post_vertical_padding":"","_kad_post_feature":"","_kad_post_feature_position":"","_kad_post_header":false,"_kad_post_footer":false,"footnotes":""},"class_list":["post-893","page","type-page","status-publish","hentry"],"_links":{"self":[{"href":"https:\/\/flevolution.eu\/cms\/index.php\/wp-json\/wp\/v2\/pages\/893","targetHints":{"allow":["GET"]}}],"collection":[{"href":"https:\/\/flevolution.eu\/cms\/index.php\/wp-json\/wp\/v2\/pages"}],"about":[{"href":"https:\/\/flevolution.eu\/cms\/index.php\/wp-json\/wp\/v2\/types\/page"}],"author":[{"embeddable":true,"href":"https:\/\/flevolution.eu\/cms\/index.php\/wp-json\/wp\/v2\/users\/2"}],"replies":[{"embeddable":true,"href":"https:\/\/flevolution.eu\/cms\/index.php\/wp-json\/wp\/v2\/comments?post=893"}],"version-history":[{"count":5,"href":"https:\/\/flevolution.eu\/cms\/index.php\/wp-json\/wp\/v2\/pages\/893\/revisions"}],"predecessor-version":[{"id":928,"href":"https:\/\/flevolution.eu\/cms\/index.php\/wp-json\/wp\/v2\/pages\/893\/revisions\/928"}],"wp:attachment":[{"href":"https:\/\/flevolution.eu\/cms\/index.php\/wp-json\/wp\/v2\/media?parent=893"}],"curies":[{"name":"wp","href":"https:\/\/api.w.org\/{rel}","templated":true}]}}