{"id":940,"date":"2025-02-19T18:35:39","date_gmt":"2025-02-19T17:35:39","guid":{"rendered":"https:\/\/flevolution.eu\/cms\/?page_id=940"},"modified":"2025-03-24T14:48:22","modified_gmt":"2025-03-24T13:48:22","slug":"presse-en-vert","status":"publish","type":"page","link":"https:\/\/flevolution.eu\/cms\/index.php\/presse-en-vert\/","title":{"rendered":"Presse en vert"},"content":{"rendered":"\n<h3 class=\"wp-block-heading\">Nos r\u00e9dactrices et r\u00e9dacteurs.<\/h3>\n\n\n<div class=\"wp-block-image\">\n<figure class=\"aligncenter size-full\"><a href=\"https:\/\/lepetitjournal.com\/varsovie\/flevolution-francais-langue-etrangere-evolue-diversifie-unit-402938\"><img loading=\"lazy\" decoding=\"async\" width=\"940\" height=\"788\" src=\"https:\/\/flevolution.eu\/cms\/wp-content\/uploads\/2025\/02\/NOuvelles.png\" alt=\"Nouvelles\" class=\"wp-image-902\" srcset=\"https:\/\/flevolution.eu\/cms\/wp-content\/uploads\/2025\/02\/NOuvelles.png 940w, https:\/\/flevolution.eu\/cms\/wp-content\/uploads\/2025\/02\/NOuvelles-300x251.png 300w, https:\/\/flevolution.eu\/cms\/wp-content\/uploads\/2025\/02\/NOuvelles-768x644.png 768w\" sizes=\"auto, (max-width: 940px) 100vw, 940px\" \/><\/a><\/figure>\n<\/div>\n\n\n<p><a href=\"https:\/\/lepetitjournal.com\/varsovie\/connaissance-brigitte-giraud-goncourt-2022-mai-gdansk-407498\">https:\/\/lepetitjournal.com\/varsovie\/connaissance-brigitte-giraud-goncourt-2022-mai-gdansk-407498<\/a><\/p>\n\n\n\n<p><\/p>\n\n\n\n<div class=\"wp-block-columns is-layout-flex wp-container-core-columns-is-layout-9d6595d7 wp-block-columns-is-layout-flex\">\n<div class=\"wp-block-column is-layout-flow wp-block-column-is-layout-flow\" style=\"flex-basis:33.33%\">\n<figure class=\"wp-block-image size-large is-resized\"><img loading=\"lazy\" decoding=\"async\" width=\"649\" height=\"1024\" src=\"https:\/\/flevolution.eu\/cms\/wp-content\/uploads\/2025\/03\/AGarska-649x1024.png\" alt=\"Aleksandra\" class=\"wp-image-1137\" style=\"width:373px;height:auto\" srcset=\"https:\/\/flevolution.eu\/cms\/wp-content\/uploads\/2025\/03\/AGarska-649x1024.png 649w, https:\/\/flevolution.eu\/cms\/wp-content\/uploads\/2025\/03\/AGarska-190x300.png 190w, https:\/\/flevolution.eu\/cms\/wp-content\/uploads\/2025\/03\/AGarska-768x1211.png 768w, https:\/\/flevolution.eu\/cms\/wp-content\/uploads\/2025\/03\/AGarska-974x1536.png 974w, https:\/\/flevolution.eu\/cms\/wp-content\/uploads\/2025\/03\/AGarska.png 1268w\" sizes=\"auto, (max-width: 649px) 100vw, 649px\" \/><\/figure>\n<\/div>\n\n\n\n<div class=\"wp-block-column is-layout-flow wp-block-column-is-layout-flow\" style=\"flex-basis:66.66%\">\n<p>Aleksandra Garska, \u00e9tudiante en troisi\u00e8me ann\u00e9e de philologie romane \u00e0 l&rsquo;Universit\u00e9 de Gda\u0144sk. Elle aime voyager, rencontrer de nouvelles personnes et apprendre des langues. R\u00e9cemment, elle est revenue de son s\u00e9jour Erasmus en Espagne. Elle s&rsquo;int\u00e9resse au journalisme et travaille \u00e0 la radio universitaire.<\/p>\n<\/div>\n<\/div>\n\n\n\n<div class=\"wp-block-columns is-layout-flex wp-container-core-columns-is-layout-9d6595d7 wp-block-columns-is-layout-flex\">\n<div class=\"wp-block-column is-layout-flow wp-block-column-is-layout-flow\" style=\"flex-basis:33.33%\">\n<figure class=\"wp-block-image size-large is-resized\"><img loading=\"lazy\" decoding=\"async\" width=\"649\" height=\"1024\" src=\"https:\/\/flevolution.eu\/cms\/wp-content\/uploads\/2025\/03\/Zosia-649x1024.png\" alt=\"Zosia\" class=\"wp-image-1138\" style=\"width:375px;height:auto\" srcset=\"https:\/\/flevolution.eu\/cms\/wp-content\/uploads\/2025\/03\/Zosia-649x1024.png 649w, https:\/\/flevolution.eu\/cms\/wp-content\/uploads\/2025\/03\/Zosia-190x300.png 190w, https:\/\/flevolution.eu\/cms\/wp-content\/uploads\/2025\/03\/Zosia-768x1211.png 768w, https:\/\/flevolution.eu\/cms\/wp-content\/uploads\/2025\/03\/Zosia-974x1536.png 974w, https:\/\/flevolution.eu\/cms\/wp-content\/uploads\/2025\/03\/Zosia.png 1268w\" sizes=\"auto, (max-width: 649px) 100vw, 649px\" \/><\/figure>\n<\/div>\n\n\n\n<div class=\"wp-block-column is-layout-flow wp-block-column-is-layout-flow\" style=\"flex-basis:66.66%\">\n<p>Je m\u2019appelle Zosia, je suis \u00e9tudiante en troisi\u00e8me ann\u00e9e de filologie romane \u00e0 l\u2019Universit\u00e9 de Gda\u0144sk. Depuis 8 ans, je travaille comme mannequin. Je m\u2019int\u00e9resse \u00e0 la sant\u00e9 et \u00e0 tous les sujets li\u00e9s au bien-\u00eatre. J\u2019adore passer mon temps libre activement, pr\u00e8s de la nature, fl\u00e2ner et explorer de nouveaux endroits. \u00c0 la maison, je perds la notion du temps en cuisine en essayant diverses recettes. Mon matin ne pourrait pas commencer sans une tasse de caf\u00e9.<\/p>\n<\/div>\n<\/div>\n\n\n\n<div class=\"wp-block-columns is-layout-flex wp-container-core-columns-is-layout-9d6595d7 wp-block-columns-is-layout-flex\">\n<div class=\"wp-block-column is-layout-flow wp-block-column-is-layout-flow\" style=\"flex-basis:33.33%\">\n<figure class=\"wp-block-image size-large is-resized\"><img loading=\"lazy\" decoding=\"async\" width=\"649\" height=\"1024\" src=\"https:\/\/flevolution.eu\/cms\/wp-content\/uploads\/2025\/03\/Iwo-649x1024.png\" alt=\"\" class=\"wp-image-1139\" style=\"width:379px;height:auto\" srcset=\"https:\/\/flevolution.eu\/cms\/wp-content\/uploads\/2025\/03\/Iwo-649x1024.png 649w, https:\/\/flevolution.eu\/cms\/wp-content\/uploads\/2025\/03\/Iwo-190x300.png 190w, https:\/\/flevolution.eu\/cms\/wp-content\/uploads\/2025\/03\/Iwo-768x1211.png 768w, https:\/\/flevolution.eu\/cms\/wp-content\/uploads\/2025\/03\/Iwo-974x1536.png 974w, https:\/\/flevolution.eu\/cms\/wp-content\/uploads\/2025\/03\/Iwo.png 1268w\" sizes=\"auto, (max-width: 649px) 100vw, 649px\" \/><\/figure>\n<\/div>\n\n\n\n<div class=\"wp-block-column is-layout-flow wp-block-column-is-layout-flow\" style=\"flex-basis:66.66%\">\n<p>Iwo Pastuszka<\/p>\n<\/div>\n<\/div>\n","protected":false},"excerpt":{"rendered":"<p>Nos r\u00e9dactrices et r\u00e9dacteurs. https:\/\/lepetitjournal.com\/varsovie\/connaissance-brigitte-giraud-goncourt-2022-mai-gdansk-407498 Aleksandra Garska, \u00e9tudiante en troisi\u00e8me ann\u00e9e de philologie romane \u00e0 l&rsquo;Universit\u00e9 de Gda\u0144sk. Elle aime voyager, rencontrer de nouvelles personnes et apprendre des langues. R\u00e9cemment, elle est revenue de son s\u00e9jour Erasmus en Espagne. Elle s&rsquo;int\u00e9resse au journalisme et travaille \u00e0 la radio universitaire. Je m\u2019appelle Zosia, je suis \u00e9tudiante&#8230;<\/p>\n","protected":false},"author":2,"featured_media":0,"parent":0,"menu_order":0,"comment_status":"closed","ping_status":"closed","template":"","meta":{"ngg_post_thumbnail":0,"_kad_post_transparent":"","_kad_post_title":"","_kad_post_layout":"","_kad_post_sidebar_id":"","_kad_post_content_style":"","_kad_post_vertical_padding":"","_kad_post_feature":"","_kad_post_feature_position":"","_kad_post_header":false,"_kad_post_footer":false,"footnotes":""},"class_list":["post-940","page","type-page","status-publish","hentry"],"_links":{"self":[{"href":"https:\/\/flevolution.eu\/cms\/index.php\/wp-json\/wp\/v2\/pages\/940","targetHints":{"allow":["GET"]}}],"collection":[{"href":"https:\/\/flevolution.eu\/cms\/index.php\/wp-json\/wp\/v2\/pages"}],"about":[{"href":"https:\/\/flevolution.eu\/cms\/index.php\/wp-json\/wp\/v2\/types\/page"}],"author":[{"embeddable":true,"href":"https:\/\/flevolution.eu\/cms\/index.php\/wp-json\/wp\/v2\/users\/2"}],"replies":[{"embeddable":true,"href":"https:\/\/flevolution.eu\/cms\/index.php\/wp-json\/wp\/v2\/comments?post=940"}],"version-history":[{"count":4,"href":"https:\/\/flevolution.eu\/cms\/index.php\/wp-json\/wp\/v2\/pages\/940\/revisions"}],"predecessor-version":[{"id":1156,"href":"https:\/\/flevolution.eu\/cms\/index.php\/wp-json\/wp\/v2\/pages\/940\/revisions\/1156"}],"wp:attachment":[{"href":"https:\/\/flevolution.eu\/cms\/index.php\/wp-json\/wp\/v2\/media?parent=940"}],"curies":[{"name":"wp","href":"https:\/\/api.w.org\/{rel}","templated":true}]}}