{"id":981,"date":"2025-02-23T20:05:19","date_gmt":"2025-02-23T19:05:19","guid":{"rendered":"https:\/\/flevolution.eu\/cms\/?page_id=981"},"modified":"2025-03-02T18:31:24","modified_gmt":"2025-03-02T17:31:24","slug":"autres-sur-nous","status":"publish","type":"page","link":"https:\/\/flevolution.eu\/cms\/index.php\/autres-sur-nous\/","title":{"rendered":"Autres sur nous"},"content":{"rendered":"\n<h4 class=\"wp-block-heading\" style=\"font-size:20px\">Universit\u00e9 Catholique Jean-Paul II de Lublin<\/h4>\n\n\n\n<p><a href=\"https:\/\/www.kul.pl\/projekt-erasmus-flevolution-9-10-v-2024,art_107400.html\">https:\/\/www.kul.pl\/projekt-erasmus-flevolution-9-10-v-2024,art_107400.html<\/a><\/p>\n\n\n<div class=\"wp-block-image is-style-default\">\n<figure class=\"aligncenter size-full\"><img loading=\"lazy\" decoding=\"async\" width=\"903\" height=\"935\" src=\"https:\/\/flevolution.eu\/cms\/wp-content\/uploads\/2024\/09\/fle_kul.png\" alt=\"article\" class=\"wp-image-678\" srcset=\"https:\/\/flevolution.eu\/cms\/wp-content\/uploads\/2024\/09\/fle_kul.png 903w, https:\/\/flevolution.eu\/cms\/wp-content\/uploads\/2024\/09\/fle_kul-290x300.png 290w, https:\/\/flevolution.eu\/cms\/wp-content\/uploads\/2024\/09\/fle_kul-768x795.png 768w\" sizes=\"auto, (max-width: 903px) 100vw, 903px\" \/><\/figure>\n<\/div>\n\n\n<h4 class=\"wp-block-heading\" style=\"font-size:20px\">Universit\u00e9 de la Commission de l\u2019\u00c9ducation Nationale de Cracovie<\/h4>\n\n\n\n<p><a href=\"https:\/\/blvdeculture.uken.krakow.pl\/2024\/05\/16\/flevolution-czyli-dlaczego-bylismy-w-gdansku\/\">https:\/\/blvdeculture.uken.krakow.pl\/2024\/05\/16\/flevolution-czyli-dlaczego-bylismy-w-gdansku\/<\/a><\/p>\n\n\n<div class=\"wp-block-image\">\n<figure class=\"aligncenter size-full\"><img loading=\"lazy\" decoding=\"async\" width=\"808\" height=\"1020\" src=\"https:\/\/flevolution.eu\/cms\/wp-content\/uploads\/2024\/09\/fle_uken.png\" alt=\"article\" class=\"wp-image-679\" srcset=\"https:\/\/flevolution.eu\/cms\/wp-content\/uploads\/2024\/09\/fle_uken.png 808w, https:\/\/flevolution.eu\/cms\/wp-content\/uploads\/2024\/09\/fle_uken-238x300.png 238w, https:\/\/flevolution.eu\/cms\/wp-content\/uploads\/2024\/09\/fle_uken-768x970.png 768w\" sizes=\"auto, (max-width: 808px) 100vw, 808px\" \/><\/figure>\n<\/div>\n\n\n<h4 class=\"wp-block-heading\" style=\"font-size:20px\">Universit\u00e9 de Wroc\u0142aw<\/h4>\n\n\n\n<p><a href=\"https:\/\/ifr.uwr.edu.pl\/2024\/05\/13\/nasze-studentki-w-programie-flevolution\">https:\/\/ifr.uwr.edu.pl\/2024\/05\/13\/nasze-studentki-w-programie-flevolution<\/a><\/p>\n\n\n<div class=\"wp-block-image\">\n<figure class=\"aligncenter size-full\"><img loading=\"lazy\" decoding=\"async\" width=\"903\" height=\"412\" src=\"https:\/\/flevolution.eu\/cms\/wp-content\/uploads\/2024\/09\/fle_uwr.png\" alt=\"article\" class=\"wp-image-680\" srcset=\"https:\/\/flevolution.eu\/cms\/wp-content\/uploads\/2024\/09\/fle_uwr.png 903w, https:\/\/flevolution.eu\/cms\/wp-content\/uploads\/2024\/09\/fle_uwr-300x137.png 300w, https:\/\/flevolution.eu\/cms\/wp-content\/uploads\/2024\/09\/fle_uwr-768x350.png 768w\" sizes=\"auto, (max-width: 903px) 100vw, 903px\" \/><\/figure>\n<\/div>\n\n\n<h4 class=\"wp-block-heading\" style=\"font-size:20px\">Universit\u00e9 Nicolas Copernic de Toru\u0144<\/h4>\n\n\n\n<p><a href=\"https:\/\/www.human.umk.pl\/wiadomosci\/?id=34385\">https:\/\/www.human.umk.pl\/wiadomosci\/?id=34385<\/a><\/p>\n\n\n<div class=\"wp-block-image\">\n<figure class=\"aligncenter size-full\"><img loading=\"lazy\" decoding=\"async\" width=\"852\" height=\"1008\" src=\"https:\/\/flevolution.eu\/cms\/wp-content\/uploads\/2024\/09\/fle_umk.png\" alt=\"article\" class=\"wp-image-681\" srcset=\"https:\/\/flevolution.eu\/cms\/wp-content\/uploads\/2024\/09\/fle_umk.png 852w, https:\/\/flevolution.eu\/cms\/wp-content\/uploads\/2024\/09\/fle_umk-254x300.png 254w, https:\/\/flevolution.eu\/cms\/wp-content\/uploads\/2024\/09\/fle_umk-768x909.png 768w\" sizes=\"auto, (max-width: 852px) 100vw, 852px\" \/><\/figure>\n<\/div>\n\n\n<h4 class=\"wp-block-heading\" style=\"font-size:20px\">Universit\u00e9 Marie Curie-Sk\u0142odowska \u00e0 Lublin<\/h4>\n\n\n\n<p><a href=\"https:\/\/www.umcs.pl\/pl\/aktualnosci,22413,udzial-studentow-wf-w-projekcie-flevolution,150733.chtm\">https:\/\/www.umcs.pl\/pl\/aktualnosci,22413,udzial-studentow-wf-w-projekcie-flevolution,150733.chtm<\/a><\/p>\n\n\n<div class=\"wp-block-image\">\n<figure class=\"aligncenter size-full\"><img loading=\"lazy\" decoding=\"async\" width=\"903\" height=\"502\" src=\"https:\/\/flevolution.eu\/cms\/wp-content\/uploads\/2024\/09\/fle_umcs.png\" alt=\"article\" class=\"wp-image-682\" srcset=\"https:\/\/flevolution.eu\/cms\/wp-content\/uploads\/2024\/09\/fle_umcs.png 903w, https:\/\/flevolution.eu\/cms\/wp-content\/uploads\/2024\/09\/fle_umcs-300x167.png 300w, https:\/\/flevolution.eu\/cms\/wp-content\/uploads\/2024\/09\/fle_umcs-768x427.png 768w\" sizes=\"auto, (max-width: 903px) 100vw, 903px\" \/><\/figure>\n<\/div>\n\n\n<h4 class=\"wp-block-heading\" style=\"font-size:20px\">Assembl\u00e9e de la vo\u00efvodie de Pom\u00e9ranie<\/h4>\n\n\n\n<p><a href=\"https:\/\/pomorskie.eu\/francuski-pisarz-i-rezyser-w-gdansku-w-kunszcie-wodnym-spotkaj-sie-z-philippem-claudelem\/\">https:\/\/pomorskie.eu\/francuski-pisarz-i-rezyser-w-gdansku-w-kunszcie-wodnym-spotkaj-sie-z-philippem-claudelem\/<\/a><\/p>\n\n\n<div class=\"wp-block-image\">\n<figure class=\"aligncenter size-large is-resized\"><img loading=\"lazy\" decoding=\"async\" width=\"1024\" height=\"811\" src=\"https:\/\/flevolution.eu\/cms\/wp-content\/uploads\/2025\/02\/voivodie_pomeranie-1024x811.png\" alt=\"article\" class=\"wp-image-985\" style=\"width:747px;height:auto\" srcset=\"https:\/\/flevolution.eu\/cms\/wp-content\/uploads\/2025\/02\/voivodie_pomeranie-1024x811.png 1024w, https:\/\/flevolution.eu\/cms\/wp-content\/uploads\/2025\/02\/voivodie_pomeranie-300x238.png 300w, https:\/\/flevolution.eu\/cms\/wp-content\/uploads\/2025\/02\/voivodie_pomeranie-768x608.png 768w, https:\/\/flevolution.eu\/cms\/wp-content\/uploads\/2025\/02\/voivodie_pomeranie.png 1095w\" sizes=\"auto, (max-width: 1024px) 100vw, 1024px\" \/><\/figure>\n<\/div>\n\n\n<h4 class=\"wp-block-heading\" style=\"font-size:20px\">Lyc\u00e9e num\u00e9ro II de Gdynia<\/h4>\n\n\n\n<p><a href=\"https:\/\/www.lo2gdynia.pl\">https:\/\/www.lo2gdynia.pl<\/a><\/p>\n\n\n<div class=\"wp-block-image\">\n<figure class=\"aligncenter size-full is-resized\"><img loading=\"lazy\" decoding=\"async\" width=\"654\" height=\"827\" src=\"https:\/\/flevolution.eu\/cms\/wp-content\/uploads\/2025\/02\/lycee2gdynia1.png\" alt=\"\" class=\"wp-image-988\" style=\"width:494px;height:auto\" srcset=\"https:\/\/flevolution.eu\/cms\/wp-content\/uploads\/2025\/02\/lycee2gdynia1.png 654w, https:\/\/flevolution.eu\/cms\/wp-content\/uploads\/2025\/02\/lycee2gdynia1-237x300.png 237w\" sizes=\"auto, (max-width: 654px) 100vw, 654px\" \/><\/figure>\n<\/div>\n\n\n<p><\/p>\n\n\n\n<p><\/p>\n\n\n\n<h4 class=\"wp-block-heading\" style=\"font-size:20px\">lepetitjournal.com\/Varsovie<\/h4>\n\n\n\n<p><a href=\"https:\/\/lepetitjournal.com\/varsovie\/flevolution-francais-langue-etrangere-evolue-diversifie-unit-402938\">https:\/\/lepetitjournal.com\/varsovie\/flevolution-francais-langue-etrangere-evolue-diversifie-unit-402938<\/a><\/p>\n\n\n<div class=\"wp-block-image\">\n<figure class=\"aligncenter size-full is-resized\"><img loading=\"lazy\" decoding=\"async\" width=\"850\" height=\"963\" src=\"https:\/\/flevolution.eu\/cms\/wp-content\/uploads\/2025\/02\/lepetitjournal.png\" alt=\"article\" class=\"wp-image-991\" style=\"width:525px;height:auto\" srcset=\"https:\/\/flevolution.eu\/cms\/wp-content\/uploads\/2025\/02\/lepetitjournal.png 850w, https:\/\/flevolution.eu\/cms\/wp-content\/uploads\/2025\/02\/lepetitjournal-265x300.png 265w, https:\/\/flevolution.eu\/cms\/wp-content\/uploads\/2025\/02\/lepetitjournal-768x870.png 768w\" sizes=\"auto, (max-width: 850px) 100vw, 850px\" \/><\/figure>\n<\/div>\n\n\n<h4 class=\"wp-block-heading\" style=\"font-size:20px\">Collateral<\/h4>\n\n\n\n<p><a href=\"https:\/\/www.collateral.media\/post\/katarzyna-kotowska-je-per%C3%A7ois-la-transmission-comme-une-v%C3%A9ritable-cr%C3%A9ation-collective\">https:\/\/www.collateral.media\/post\/katarzyna-kotowska-je-per%C3%A7ois-la-transmission-comme-une-v%C3%A9ritable-cr%C3%A9ation-collective<\/a><\/p>\n\n\n<div class=\"wp-block-image\">\n<figure class=\"aligncenter size-full\"><img loading=\"lazy\" decoding=\"async\" width=\"371\" height=\"657\" src=\"https:\/\/flevolution.eu\/cms\/wp-content\/uploads\/2025\/02\/collateral1.png\" alt=\"article\" class=\"wp-image-993\" srcset=\"https:\/\/flevolution.eu\/cms\/wp-content\/uploads\/2025\/02\/collateral1.png 371w, https:\/\/flevolution.eu\/cms\/wp-content\/uploads\/2025\/02\/collateral1-169x300.png 169w\" sizes=\"auto, (max-width: 371px) 100vw, 371px\" \/><\/figure>\n<\/div>\n\n<div class=\"wp-block-image\">\n<figure class=\"aligncenter size-full is-resized\"><img loading=\"lazy\" decoding=\"async\" width=\"999\" height=\"709\" src=\"https:\/\/flevolution.eu\/cms\/wp-content\/uploads\/2025\/02\/collateral2.png\" alt=\"article\" class=\"wp-image-994\" style=\"width:658px;height:auto\" srcset=\"https:\/\/flevolution.eu\/cms\/wp-content\/uploads\/2025\/02\/collateral2.png 999w, https:\/\/flevolution.eu\/cms\/wp-content\/uploads\/2025\/02\/collateral2-300x213.png 300w, https:\/\/flevolution.eu\/cms\/wp-content\/uploads\/2025\/02\/collateral2-768x545.png 768w\" sizes=\"auto, (max-width: 999px) 100vw, 999px\" \/><\/figure>\n<\/div>\n\n\n<p><\/p>\n\n\n\n<p class=\"has-text-align-center\"><a href=\"https:\/\/radiogdansk.pl\/audycje\/dobry-wieczor-z-kultura\/2024\/05\/02\/francuski-pisarz-philippe-claudel-poprowadzi-warsztaty-dla-studentow-w-gdansku\">https:\/\/radiogdansk.pl\/audycje\/dobry-wieczor-z-kultura\/2024\/05\/02\/francuski-pisarz-philippe-claudel-poprowadzi-warsztaty-dla-studentow-w-gdansku<\/a><\/p>\n\n\n<div class=\"wp-block-image\">\n<figure class=\"aligncenter size-large is-resized\"><img loading=\"lazy\" decoding=\"async\" width=\"1024\" height=\"857\" src=\"https:\/\/flevolution.eu\/cms\/wp-content\/uploads\/2024\/11\/radioGdansk-1024x857.jpg\" alt=\"radio\" class=\"wp-image-848\" style=\"width:694px;height:auto\" srcset=\"https:\/\/flevolution.eu\/cms\/wp-content\/uploads\/2024\/11\/radioGdansk-1024x857.jpg 1024w, https:\/\/flevolution.eu\/cms\/wp-content\/uploads\/2024\/11\/radioGdansk-300x251.jpg 300w, https:\/\/flevolution.eu\/cms\/wp-content\/uploads\/2024\/11\/radioGdansk-768x643.jpg 768w, https:\/\/flevolution.eu\/cms\/wp-content\/uploads\/2024\/11\/radioGdansk.jpg 1079w\" sizes=\"auto, (max-width: 1024px) 100vw, 1024px\" \/><\/figure>\n<\/div>\n\n\n<p class=\"has-text-align-center\"><em>Katarzyna Kotowska, Aleksandra Garska<\/em><\/p>\n\n\n\n<p class=\"has-text-align-center\">version fran\u00e7aise de l&rsquo;entretien [<a href=\"https:\/\/flevolution.eu\/cms\/wp-content\/uploads\/2025\/02\/radio-gdansk-claudel.pdf\">.pdf<\/a>]<\/p>\n","protected":false},"excerpt":{"rendered":"<p>Universit\u00e9 Catholique Jean-Paul II de Lublin https:\/\/www.kul.pl\/projekt-erasmus-flevolution-9-10-v-2024,art_107400.html Universit\u00e9 de la Commission de l\u2019\u00c9ducation Nationale de Cracovie https:\/\/blvdeculture.uken.krakow.pl\/2024\/05\/16\/flevolution-czyli-dlaczego-bylismy-w-gdansku\/ Universit\u00e9 de Wroc\u0142aw https:\/\/ifr.uwr.edu.pl\/2024\/05\/13\/nasze-studentki-w-programie-flevolution Universit\u00e9 Nicolas Copernic de Toru\u0144 https:\/\/www.human.umk.pl\/wiadomosci\/?id=34385 Universit\u00e9 Marie Curie-Sk\u0142odowska \u00e0 Lublin https:\/\/www.umcs.pl\/pl\/aktualnosci,22413,udzial-studentow-wf-w-projekcie-flevolution,150733.chtm Assembl\u00e9e de la vo\u00efvodie de Pom\u00e9ranie https:\/\/pomorskie.eu\/francuski-pisarz-i-rezyser-w-gdansku-w-kunszcie-wodnym-spotkaj-sie-z-philippem-claudelem\/ Lyc\u00e9e num\u00e9ro II de Gdynia https:\/\/www.lo2gdynia.pl lepetitjournal.com\/Varsovie https:\/\/lepetitjournal.com\/varsovie\/flevolution-francais-langue-etrangere-evolue-diversifie-unit-402938 Collateral https:\/\/www.collateral.media\/post\/katarzyna-kotowska-je-per%C3%A7ois-la-transmission-comme-une-v%C3%A9ritable-cr%C3%A9ation-collective https:\/\/radiogdansk.pl\/audycje\/dobry-wieczor-z-kultura\/2024\/05\/02\/francuski-pisarz-philippe-claudel-poprowadzi-warsztaty-dla-studentow-w-gdansku Katarzyna Kotowska, Aleksandra Garska&#8230;<\/p>\n","protected":false},"author":2,"featured_media":0,"parent":0,"menu_order":0,"comment_status":"closed","ping_status":"closed","template":"","meta":{"ngg_post_thumbnail":0,"_kad_post_transparent":"","_kad_post_title":"","_kad_post_layout":"","_kad_post_sidebar_id":"","_kad_post_content_style":"","_kad_post_vertical_padding":"","_kad_post_feature":"","_kad_post_feature_position":"","_kad_post_header":false,"_kad_post_footer":false,"footnotes":""},"class_list":["post-981","page","type-page","status-publish","hentry"],"_links":{"self":[{"href":"https:\/\/flevolution.eu\/cms\/index.php\/wp-json\/wp\/v2\/pages\/981","targetHints":{"allow":["GET"]}}],"collection":[{"href":"https:\/\/flevolution.eu\/cms\/index.php\/wp-json\/wp\/v2\/pages"}],"about":[{"href":"https:\/\/flevolution.eu\/cms\/index.php\/wp-json\/wp\/v2\/types\/page"}],"author":[{"embeddable":true,"href":"https:\/\/flevolution.eu\/cms\/index.php\/wp-json\/wp\/v2\/users\/2"}],"replies":[{"embeddable":true,"href":"https:\/\/flevolution.eu\/cms\/index.php\/wp-json\/wp\/v2\/comments?post=981"}],"version-history":[{"count":7,"href":"https:\/\/flevolution.eu\/cms\/index.php\/wp-json\/wp\/v2\/pages\/981\/revisions"}],"predecessor-version":[{"id":1120,"href":"https:\/\/flevolution.eu\/cms\/index.php\/wp-json\/wp\/v2\/pages\/981\/revisions\/1120"}],"wp:attachment":[{"href":"https:\/\/flevolution.eu\/cms\/index.php\/wp-json\/wp\/v2\/media?parent=981"}],"curies":[{"name":"wp","href":"https:\/\/api.w.org\/{rel}","templated":true}]}}